CRAN Package Check Results for Package jiebaR

Last updated on 2020-02-22 07:50:06 CET.

Flavor Version Tinstall Tcheck Ttotal Status Flags
r-devel-linux-x86_64-debian-clang 0.11 73.63 58.31 131.94 OK
r-devel-linux-x86_64-debian-gcc 0.11 49.24 47.26 96.50 OK
r-devel-linux-x86_64-fedora-clang 0.11 183.45 NOTE
r-devel-linux-x86_64-fedora-gcc 0.11 167.60 OK
r-devel-windows-ix86+x86_64 0.11 123.00 142.00 265.00 OK
r-devel-windows-ix86+x86_64-gcc8 0.11 172.00 170.00 342.00 OK
r-patched-linux-x86_64 0.11 OK
r-patched-solaris-x86 0.11 196.10 OK
r-release-linux-x86_64 0.11 57.50 54.80 112.30 OK
r-release-windows-ix86+x86_64 0.11 123.00 142.00 265.00 OK
r-release-osx-x86_64 0.11 NOTE
r-oldrel-windows-ix86+x86_64 0.11 167.00 147.00 314.00 OK
r-oldrel-osx-x86_64 0.11 NOTE

Check Details

Version: 0.11
Check: installed package size
Result: NOTE
     installed size is 6.0Mb
     sub-directories of 1Mb or more:
     libs 5.5Mb
Flavors: r-devel-linux-x86_64-fedora-clang, r-release-osx-x86_64, r-oldrel-osx-x86_64