CRAN Package Check Results for Package kangar00

Last updated on 2019-07-21 23:47:40 CEST.

Flavor Version Tinstall Tcheck Ttotal Status Flags
r-devel-linux-x86_64-debian-clang 1.3 16.17 141.72 157.89 OK
r-devel-linux-x86_64-debian-gcc 1.3 13.55 111.03 124.58 OK
r-devel-linux-x86_64-fedora-clang 1.3 185.86 OK
r-devel-linux-x86_64-fedora-gcc 1.3 194.26 OK
r-devel-windows-ix86+x86_64 1.3 34.00 200.00 234.00 OK
r-patched-linux-x86_64 1.3 16.60 137.37 153.97 OK
r-patched-solaris-x86 1.3 303.60 OK
r-release-linux-x86_64 1.3 13.81 136.54 150.35 OK
r-release-windows-ix86+x86_64 1.3 30.00 139.00 169.00 OK
r-release-osx-x86_64 1.3 ERROR
r-oldrel-windows-ix86+x86_64 1.3 33.00 127.00 160.00 OK
r-oldrel-osx-x86_64 1.3 OK

Check Details

Version: 1.3
Check: package dependencies
Result: ERROR
    Package required but not available: ‘biomaRt’
    
    See section ‘The DESCRIPTION file’ in the ‘Writing R Extensions’
    manual.
Flavor: r-release-osx-x86_64