CRAN Package Check Results for Package keras

Last updated on 2019-07-21 23:47:40 CEST.

Flavor Version Tinstall Tcheck Ttotal Status Flags
r-devel-linux-x86_64-debian-clang 2.2.4.1 14.03 158.07 172.10 OK
r-devel-linux-x86_64-debian-gcc 2.2.4.1 13.86 126.70 140.56 OK
r-devel-linux-x86_64-fedora-clang 2.2.4.1 212.59 NOTE
r-devel-linux-x86_64-fedora-gcc 2.2.4.1 208.40 OK
r-devel-windows-ix86+x86_64 2.2.4.1 29.00 254.00 283.00 NOTE
r-patched-linux-x86_64 2.2.4.1 16.77 156.63 173.40 OK
r-patched-solaris-x86 2.2.4.1 334.80 NOTE
r-release-linux-x86_64 2.2.4.1 14.91 156.50 171.41 OK
r-release-windows-ix86+x86_64 2.2.4.1 26.00 181.00 207.00 NOTE
r-release-osx-x86_64 2.2.4.1 NOTE
r-oldrel-windows-ix86+x86_64 2.2.4.1 35.00 183.00 218.00 NOTE
r-oldrel-osx-x86_64 2.2.4.1 NOTE

Check Details

Version: 2.2.4.1
Check: installed package size
Result: NOTE
     installed size is 5.9Mb
     sub-directories of 1Mb or more:
     doc 4.4Mb
Flavors: r-devel-linux-x86_64-fedora-clang, r-devel-windows-ix86+x86_64, r-patched-solaris-x86, r-release-windows-ix86+x86_64, r-release-osx-x86_64, r-oldrel-windows-ix86+x86_64, r-oldrel-osx-x86_64