CRAN Package Check Results for Package keras

Last updated on 2019-04-23 09:48:51 CEST.

Flavor Version Tinstall Tcheck Ttotal Status Flags
r-devel-linux-x86_64-debian-clang 2.2.4.1 17.98 160.32 178.30 OK
r-devel-linux-x86_64-debian-gcc 2.2.4.1 14.22 127.16 141.38 OK
r-devel-linux-x86_64-fedora-clang 2.2.4.1 210.18 NOTE
r-devel-linux-x86_64-fedora-gcc 2.2.4.1 212.34 OK
r-devel-windows-ix86+x86_64 2.2.4.1 42.00 189.00 231.00 NOTE
r-patched-linux-x86_64 2.2.4.1 15.36 159.71 175.07 OK
r-patched-solaris-x86 2.2.4.1 313.00 NOTE
r-release-linux-x86_64 2.2.4.1 14.03 118.95 132.98 OK
r-release-windows-ix86+x86_64 2.2.4.1 21.00 184.00 205.00 NOTE
r-release-osx-x86_64 2.2.4.1 NOTE
r-oldrel-windows-ix86+x86_64 2.2.4.1 17.00 220.00 237.00 NOTE
r-oldrel-osx-x86_64 2.2.4 NOTE

Check Details

Version: 2.2.4.1
Check: installed package size
Result: NOTE
     installed size is 5.9Mb
     sub-directories of 1Mb or more:
     doc 4.4Mb
Flavors: r-devel-linux-x86_64-fedora-clang, r-devel-windows-ix86+x86_64, r-patched-solaris-x86, r-release-windows-ix86+x86_64, r-release-osx-x86_64, r-oldrel-windows-ix86+x86_64

Version: 2.2.4
Check: installed package size
Result: NOTE
     installed size is 5.6Mb
     sub-directories of 1Mb or more:
     doc 4.4Mb
Flavor: r-oldrel-osx-x86_64