CRAN Package Check Results for Package kokudosuuchi

Last updated on 2020-01-18 07:59:50 CET.

Flavor Version Tinstall Tcheck Ttotal Status Flags
r-devel-linux-x86_64-debian-clang 0.4.2 4.88 38.61 43.49 OK
r-devel-linux-x86_64-debian-gcc 0.4.2 3.89 30.57 34.46 OK
r-devel-linux-x86_64-fedora-clang 0.4.2 52.35 NOTE
r-devel-linux-x86_64-fedora-gcc 0.4.2 50.93 NOTE
r-devel-windows-ix86+x86_64 0.4.2 18.00 76.00 94.00 OK
r-devel-windows-ix86+x86_64-gcc8 0.4.2 11.00 83.00 94.00 OK
r-patched-linux-x86_64 0.4.2 3.67 35.38 39.05 OK
r-patched-solaris-x86 0.4.2 73.10 NOTE
r-release-linux-x86_64 0.4.2 3.81 35.42 39.23 OK
r-release-windows-ix86+x86_64 0.4.2 18.00 74.00 92.00 OK
r-release-osx-x86_64 0.4.2 NOTE
r-oldrel-windows-ix86+x86_64 0.4.2 8.00 52.00 60.00 OK
r-oldrel-osx-x86_64 0.4.2 NOTE

Check Details

Version: 0.4.2
Check: data for non-ASCII characters
Result: NOTE
     Note: found 52458 marked UTF-8 strings
Flavors: r-devel-linux-x86_64-fedora-clang, r-devel-linux-x86_64-fedora-gcc, r-patched-solaris-x86, r-release-osx-x86_64, r-oldrel-osx-x86_64