CRAN Package Check Results for Package lavaanPlot

Last updated on 2020-01-23 15:47:55 CET.

Flavor Version Tinstall Tcheck Ttotal Status Flags
r-devel-linux-x86_64-debian-clang 0.5.1 3.15 33.93 37.08 OK
r-devel-linux-x86_64-debian-gcc 0.5.1 2.87 26.35 29.22 OK
r-devel-linux-x86_64-fedora-clang 0.5.1 45.48 NOTE
r-devel-linux-x86_64-fedora-gcc 0.5.1 44.15 OK
r-devel-windows-ix86+x86_64 0.5.1 16.00 71.00 87.00 NOTE
r-devel-windows-ix86+x86_64-gcc8 0.5.1 16.00 56.00 72.00 NOTE
r-patched-linux-x86_64 0.5.1 3.20 30.68 33.88 OK
r-patched-solaris-x86 0.5.1 60.50 WARN
r-release-linux-x86_64 0.5.1 2.52 30.95 33.47 OK
r-release-windows-ix86+x86_64 0.5.1 12.00 51.00 63.00 NOTE
r-release-osx-x86_64 0.5.1 WARN
r-oldrel-windows-ix86+x86_64 0.5.1 5.00 47.00 52.00 NOTE
r-oldrel-osx-x86_64 0.5.1 WARN

Additional issues

noSuggests

Check Details

Version: 0.5.1
Check: installed package size
Result: NOTE
     installed size is 5.1Mb
     sub-directories of 1Mb or more:
     doc 4.9Mb
Flavors: r-devel-linux-x86_64-fedora-clang, r-devel-windows-ix86+x86_64, r-devel-windows-ix86+x86_64-gcc8, r-patched-solaris-x86, r-release-windows-ix86+x86_64, r-release-osx-x86_64, r-oldrel-windows-ix86+x86_64, r-oldrel-osx-x86_64

Version: 0.5.1
Check: re-building of vignette outputs
Result: WARN
    Error(s) in re-building vignettes:
     ...
    --- re-building ‘Intro_to_lavaanPlot.Rmd’ using rmarkdown
    Warning in engine$weave(file, quiet = quiet, encoding = enc) :
     Pandoc (>= 1.12.3) and/or pandoc-citeproc not available. Falling back to R Markdown v1.
    Quitting from lines 41-42 (Intro_to_lavaanPlot.Rmd)
    Error: processing vignette 'Intro_to_lavaanPlot.Rmd' failed with diagnostics:
    there is no package called 'webshot'
    --- failed re-building ‘Intro_to_lavaanPlot.Rmd’
    
    SUMMARY: processing the following file failed:
     ‘Intro_to_lavaanPlot.Rmd’
    
    Error: Vignette re-building failed.
    Execution halted
Flavor: r-patched-solaris-x86

Version: 0.5.1
Check: re-building of vignette outputs
Result: WARN
    Error(s) in re-building vignettes:
     ...
    --- re-building ‘Intro_to_lavaanPlot.Rmd’ using rmarkdown
    Warning in engine$weave(file, quiet = quiet, encoding = enc) :
     Pandoc (>= 1.12.3) and/or pandoc-citeproc not available. Falling back to R Markdown v1.
    Quitting from lines 41-42 (Intro_to_lavaanPlot.Rmd)
    Error: processing vignette 'Intro_to_lavaanPlot.Rmd' failed with diagnostics:
    cannot open the connection
    --- failed re-building ‘Intro_to_lavaanPlot.Rmd’
    
    SUMMARY: processing the following file failed:
     ‘Intro_to_lavaanPlot.Rmd’
    
    Error: Vignette re-building failed.
    Execution halted
Flavor: r-release-osx-x86_64

Version: 0.5.1
Check: re-building of vignette outputs
Result: WARN
    Error in re-building vignettes:
     ...
    Warning in engine$weave(file, quiet = quiet, encoding = enc) :
     Pandoc (>= 1.12.3) and/or pandoc-citeproc not available. Falling back to R Markdown v1.
    Quitting from lines 41-42 (Intro_to_lavaanPlot.Rmd)
    Error: processing vignette 'Intro_to_lavaanPlot.Rmd' failed with diagnostics:
    cannot open the connection
    Execution halted
Flavor: r-oldrel-osx-x86_64