CRAN Package Check Results for Package leaflet.extras

Last updated on 2020-02-27 07:49:41 CET.

Flavor Version Tinstall Tcheck Ttotal Status Flags
r-devel-linux-x86_64-debian-clang 1.0.0 5.31 37.09 42.40 OK
r-devel-linux-x86_64-debian-gcc 1.0.0 3.96 29.44 33.40 OK
r-devel-linux-x86_64-fedora-clang 1.0.0 51.91 OK
r-devel-linux-x86_64-fedora-gcc 1.0.0 50.55 OK
r-devel-windows-ix86+x86_64 1.0.0 17.00 56.00 73.00 OK
r-devel-windows-ix86+x86_64-gcc8 1.0.0 16.00 59.00 75.00 OK
r-patched-linux-x86_64 1.0.0 4.45 34.09 38.54 OK
r-patched-solaris-x86 1.0.0 77.80 NOTE
r-release-linux-x86_64 1.0.0 4.56 34.16 38.72 OK
r-release-windows-ix86+x86_64 1.0.0 13.00 60.00 73.00 OK
r-release-osx-x86_64 1.0.0 OK
r-oldrel-windows-ix86+x86_64 1.0.0 11.00 62.00 73.00 OK
r-oldrel-osx-x86_64 1.0.0 OK

Check Details

Version: 1.0.0
Check: installed package size
Result: NOTE
     installed size is 5.5Mb
     sub-directories of 1Mb or more:
     htmlwidgets 4.2Mb
Flavor: r-patched-solaris-x86