CRAN Package Check Results for Package leafsync

Last updated on 2020-02-16 07:48:02 CET.

Flavor Version Tinstall Tcheck Ttotal Status Flags
r-devel-linux-x86_64-debian-clang 0.1.0 2.13 19.26 21.39 OK
r-devel-linux-x86_64-debian-gcc 0.1.0 1.61 15.98 17.59 OK
r-devel-linux-x86_64-fedora-clang 0.1.0 27.08 NOTE
r-devel-linux-x86_64-fedora-gcc 0.1.0 26.41 NOTE
r-devel-windows-ix86+x86_64 0.1.0 8.00 34.00 42.00 OK
r-devel-windows-ix86+x86_64-gcc8 0.1.0 12.00 45.00 57.00 OK
r-patched-linux-x86_64 0.1.0 1.74 17.89 19.63 OK
r-patched-solaris-x86 0.1.0 42.40 NOTE
r-release-linux-x86_64 0.1.0 1.76 18.16 19.92 OK
r-release-windows-ix86+x86_64 0.1.0 4.00 33.00 37.00 OK
r-release-osx-x86_64 0.1.0 NOTE
r-oldrel-windows-ix86+x86_64 0.1.0 3.00 41.00 44.00 OK
r-oldrel-osx-x86_64 0.1.0 NOTE

Check Details

Version: 0.1.0
Check: dependencies in R code
Result: NOTE
    Namespace in Imports field not imported from: ‘leaflet’
     All declared Imports should be used.
Flavors: r-devel-linux-x86_64-fedora-clang, r-devel-linux-x86_64-fedora-gcc, r-patched-solaris-x86, r-release-osx-x86_64, r-oldrel-osx-x86_64