CRAN Package Check Results for Package liger

Last updated on 2020-01-23 15:47:55 CET.

Flavor Version Tinstall Tcheck Ttotal Status Flags
r-devel-linux-x86_64-debian-clang 1.0 32.18 85.09 117.27 OK
r-devel-linux-x86_64-debian-gcc 1.0 20.52 67.19 87.71 OK
r-devel-linux-x86_64-fedora-clang 1.0 153.91 NOTE
r-devel-linux-x86_64-fedora-gcc 1.0 145.27 OK
r-devel-windows-ix86+x86_64 1.0 81.00 159.00 240.00 NOTE
r-devel-windows-ix86+x86_64-gcc8 1.0 81.00 141.00 222.00 NOTE
r-patched-linux-x86_64 1.0 23.80 81.28 105.08 OK
r-patched-solaris-x86 1.0 174.20 OK
r-release-linux-x86_64 1.0 25.65 81.45 107.10 OK
r-release-windows-ix86+x86_64 1.0 78.00 165.00 243.00 NOTE
r-release-osx-x86_64 1.0 NOTE
r-oldrel-windows-ix86+x86_64 1.0 44.00 113.00 157.00 NOTE
r-oldrel-osx-x86_64 1.0 NOTE

Check Details

Version: 1.0
Check: installed package size
Result: NOTE
     installed size is 5.4Mb
     sub-directories of 1Mb or more:
     data 3.3Mb
     doc 1.2Mb
Flavors: r-devel-linux-x86_64-fedora-clang, r-devel-windows-ix86+x86_64, r-devel-windows-ix86+x86_64-gcc8, r-release-windows-ix86+x86_64, r-release-osx-x86_64, r-oldrel-windows-ix86+x86_64, r-oldrel-osx-x86_64