CRAN Package Check Results for Package likert

Last updated on 2020-01-22 07:57:07 CET.

Flavor Version Tinstall Tcheck Ttotal Status Flags
r-devel-linux-x86_64-debian-clang 1.3.5 6.67 57.83 64.50 OK
r-devel-linux-x86_64-debian-gcc 1.3.5 5.53 44.51 50.04 OK
r-devel-linux-x86_64-fedora-clang 1.3.5 79.93 NOTE
r-devel-linux-x86_64-fedora-gcc 1.3.5 74.96 NOTE
r-devel-windows-ix86+x86_64 1.3.5 25.00 76.00 101.00 OK
r-devel-windows-ix86+x86_64-gcc8 1.3.5 27.00 105.00 132.00 OK
r-patched-linux-x86_64 1.3.5 5.05 50.36 55.41 OK
r-patched-solaris-x86 1.3.5 115.80 NOTE
r-release-linux-x86_64 1.3.5 6.23 51.14 57.37 OK
r-release-windows-ix86+x86_64 1.3.5 13.00 99.00 112.00 OK
r-release-osx-x86_64 1.3.5 NOTE
r-oldrel-windows-ix86+x86_64 1.3.5 8.00 63.00 71.00 OK
r-oldrel-osx-x86_64 1.3.5 NOTE

Check Details

Version: 1.3.5
Check: data for non-ASCII characters
Result: NOTE
     Note: found 7 marked UTF-8 strings
Flavors: r-devel-linux-x86_64-fedora-clang, r-devel-linux-x86_64-fedora-gcc, r-patched-solaris-x86, r-release-osx-x86_64, r-oldrel-osx-x86_64