CRAN Package Check Results for Package lmem.qtler

Last updated on 2020-01-16 17:48:13 CET.

Flavor Version Tinstall Tcheck Ttotal Status Flags
r-devel-linux-x86_64-debian-clang 0.1.1 12.62 87.83 100.45 NOTE
r-devel-linux-x86_64-debian-gcc 0.1.1 9.49 68.21 77.70 NOTE
r-devel-linux-x86_64-fedora-clang 0.1.1 119.31 NOTE
r-devel-linux-x86_64-fedora-gcc 0.1.1 116.31 NOTE
r-devel-windows-ix86+x86_64 0.1.1 29.00 130.00 159.00 NOTE
r-devel-windows-ix86+x86_64-gcc8 0.1.1 19.00 148.00 167.00 NOTE
r-patched-linux-x86_64 0.1.1 9.44 77.68 87.12 NOTE
r-patched-solaris-x86 0.1.1 158.10 NOTE
r-release-linux-x86_64 0.1.1 9.20 77.56 86.76 NOTE
r-release-windows-ix86+x86_64 0.1.1 24.00 131.00 155.00 NOTE
r-release-osx-x86_64 0.1.1 NOTE
r-oldrel-windows-ix86+x86_64 0.1.1 15.00 88.00 103.00 NOTE
r-oldrel-osx-x86_64 0.1.1 NOTE

Check Details

Version: 0.1.1
Check: R code for possible problems
Result: NOTE
    mq.diagnostics : mq_missinggenotype_plot: no visible global function
     definition for 'plot.missing'
    Undefined global functions or variables:
     plot.missing
Flavors: r-devel-linux-x86_64-debian-clang, r-devel-linux-x86_64-debian-gcc, r-devel-linux-x86_64-fedora-clang, r-devel-linux-x86_64-fedora-gcc, r-devel-windows-ix86+x86_64, r-devel-windows-ix86+x86_64-gcc8, r-patched-linux-x86_64, r-patched-solaris-x86, r-release-linux-x86_64, r-release-windows-ix86+x86_64, r-release-osx-x86_64, r-oldrel-windows-ix86+x86_64, r-oldrel-osx-x86_64

Version: 0.1.1
Check: package vignettes
Result: NOTE
    Package vignette with placeholder title 'Vignette Title':
     'lmem.qtler.Rmd'
Flavors: r-devel-linux-x86_64-debian-clang, r-devel-linux-x86_64-debian-gcc, r-devel-windows-ix86+x86_64, r-devel-windows-ix86+x86_64-gcc8

Version: 0.1.1
Check: for non-standard things in the check directory
Result: NOTE
    Found the following files/directories:
     'cross.data.file.csv' 'qtl_analysis_reports'
Flavors: r-devel-linux-x86_64-debian-clang, r-devel-linux-x86_64-debian-gcc, r-devel-linux-x86_64-fedora-clang, r-devel-linux-x86_64-fedora-gcc