CRAN Package Check Results for Package lolog

Last updated on 2020-01-22 07:57:08 CET.

Flavor Version Tinstall Tcheck Ttotal Status Flags
r-devel-linux-x86_64-debian-clang 1.2 184.40 710.72 895.12 OK
r-devel-linux-x86_64-debian-gcc 1.2 154.80 514.94 669.74 WARN
r-devel-linux-x86_64-fedora-clang 1.2 1186.29 NOTE
r-devel-linux-x86_64-fedora-gcc 1.2 1164.04 WARN
r-devel-windows-ix86+x86_64 1.2 451.00 238.00 689.00 NOTE --no-vignettes
r-devel-windows-ix86+x86_64-gcc8 1.2 471.00 333.00 804.00 WARN --no-vignettes
r-patched-linux-x86_64 1.2 156.67 623.51 780.18 WARN
r-patched-solaris-x86 1.2 1071.80 OK
r-release-linux-x86_64 1.2 153.85 618.11 771.96 WARN
r-release-windows-ix86+x86_64 1.2 337.00 304.00 641.00 NOTE --no-vignettes
r-release-osx-x86_64 1.2 NOTE
r-oldrel-windows-ix86+x86_64 1.2 299.00 285.00 584.00 NOTE --no-vignettes
r-oldrel-osx-x86_64 1.2 NOTE

Check Details

Version: 1.2
Check: whether package can be installed
Result: WARN
    Found the following significant warnings:
     /home/hornik/tmp/R.check/r-devel-gcc/Work/build/Packages/BH/include/boost/container/detail/copy_move_algo.hpp:182:19: warning: ‘void* memmove(void*, const void*, size_t)’ writing to an object of type ‘value_type’ {aka ‘struct boost::container::dtl::pair<int, int>’} with no trivial copy-assignment; use copy-assignment or copy-initialization instead [-Wclass-memaccess]
     /home/hornik/tmp/R.check/r-devel-gcc/Work/build/Packages/BH/include/boost/container/detail/copy_move_algo.hpp:896:16: warning: ‘void* memmove(void*, const void*, size_t)’ writing to an object of type ‘boost::movelib::detail::iterator_to_element_ptr<boost::container::dtl::pair<int, int>*>::element_type’ {aka ‘struct boost::container::dtl::pair<int, int>’} with no trivial copy-assignment; use copy-assignment or copy-initialization instead [-Wclass-memaccess]
     /home/hornik/tmp/R.check/r-devel-gcc/Work/build/Packages/BH/include/boost/container/detail/copy_move_algo.hpp:196:19: warning: ‘void* memmove(void*, const void*, size_t)’ writing to an object of type ‘boost::movelib::detail::iterator_to_element_ptr<boost::container::dtl::pair<int, int>*>::element_type’ {aka ‘struct boost::container::dtl::pair<int, int>’} with no trivial copy-assignment; use copy-assignment or copy-initialization instead [-Wclass-memaccess]
Flavor: r-devel-linux-x86_64-debian-gcc

Version: 1.2
Check: installed package size
Result: NOTE
     installed size is 24.9Mb
     sub-directories of 1Mb or more:
     libs 23.2Mb
Flavors: r-devel-linux-x86_64-fedora-clang, r-release-osx-x86_64, r-oldrel-osx-x86_64

Version: 1.2
Check: whether package can be installed
Result: WARN
    Found the following significant warnings:
     /data/gannet/ripley/R/test-4.0/BH/include/boost/container/detail/copy_move_algo.hpp:182:19: warning: ‘void* memmove(void*, const void*, size_t)’ writing to an object of type ‘value_type’ {aka ‘struct boost::container::dtl::pair<int, int>’} with no trivial copy-assignment; use copy-assignment or copy-initialization instead [-Wclass-memaccess]
     /data/gannet/ripley/R/test-4.0/BH/include/boost/container/detail/copy_move_algo.hpp:896:16: warning: ‘void* memmove(void*, const void*, size_t)’ writing to an object of type ‘boost::movelib::detail::iterator_to_element_ptr<boost::container::dtl::pair<int, int>*>::element_type’ {aka ‘struct boost::container::dtl::pair<int, int>’} with no trivial copy-assignment; use copy-assignment or copy-initialization instead [-Wclass-memaccess]
     /data/gannet/ripley/R/test-4.0/BH/include/boost/container/detail/copy_move_algo.hpp:196:19: warning: ‘void* memmove(void*, const void*, size_t)’ writing to an object of type ‘boost::movelib::detail::iterator_to_element_ptr<boost::container::dtl::pair<int, int>*>::element_type’ {aka ‘struct boost::container::dtl::pair<int, int>’} with no trivial copy-assignment; use copy-assignment or copy-initialization instead [-Wclass-memaccess]
Flavor: r-devel-linux-x86_64-fedora-gcc

Version: 1.2
Flags: --no-vignettes
Check: installed package size
Result: NOTE
     installed size is 6.0Mb
     sub-directories of 1Mb or more:
     libs 4.4Mb
Flavors: r-devel-windows-ix86+x86_64, r-devel-windows-ix86+x86_64-gcc8, r-release-windows-ix86+x86_64, r-oldrel-windows-ix86+x86_64

Version: 1.2
Flags: --no-vignettes
Check: whether package can be installed
Result: WARN
    Found the following significant warnings:
     D:/RCompile/CRANpkg/lib/4.0gcc8/BH/include/boost/container/detail/copy_move_algo.hpp:182:19: warning: 'void* memmove(void*, const void*, size_t)' writing to an object of type 'value_type' {aka 'struct boost::container::dtl::pair<int, int>'} with no trivial copy-assignment; use copy-assignment or copy-initialization instead [-Wclass-memaccess]
     D:/RCompile/CRANpkg/lib/4.0gcc8/BH/include/boost/container/detail/copy_move_algo.hpp:896:16: warning: 'void* memmove(void*, const void*, size_t)' writing to an object of type 'boost::movelib::detail::iterator_to_element_ptr<boost::container::dtl::pair<int, int>*>::element_type' {aka 'struct boost::container::dtl::pair<int, int>'} with no trivial copy-assignment; use copy-assignment or copy-initialization instead [-Wclass-memaccess]
     D:/RCompile/CRANpkg/lib/4.0gcc8/BH/include/boost/container/detail/copy_move_algo.hpp:196:19: warning: 'void* memmove(void*, const void*, size_t)' writing to an object of type 'boost::movelib::detail::iterator_to_element_ptr<boost::container::dtl::pair<int, int>*>::element_type' {aka 'struct boost::container::dtl::pair<int, int>'} with no trivial copy-assignment; use copy-assignment or copy-initialization instead [-Wclass-memaccess]
Flavor: r-devel-windows-ix86+x86_64-gcc8

Version: 1.2
Check: whether package can be installed
Result: WARN
    Found the following significant warnings:
     /home/hornik/tmp/R.check/r-patched-gcc/Work/build/Packages/BH/include/boost/container/detail/copy_move_algo.hpp:182:19: warning: ‘void* memmove(void*, const void*, size_t)’ writing to an object of type ‘value_type’ {aka ‘struct boost::container::dtl::pair<int, int>’} with no trivial copy-assignment; use copy-assignment or copy-initialization instead [-Wclass-memaccess]
     /home/hornik/tmp/R.check/r-patched-gcc/Work/build/Packages/BH/include/boost/container/detail/copy_move_algo.hpp:896:16: warning: ‘void* memmove(void*, const void*, size_t)’ writing to an object of type ‘boost::movelib::detail::iterator_to_element_ptr<boost::container::dtl::pair<int, int>*>::element_type’ {aka ‘struct boost::container::dtl::pair<int, int>’} with no trivial copy-assignment; use copy-assignment or copy-initialization instead [-Wclass-memaccess]
     /home/hornik/tmp/R.check/r-patched-gcc/Work/build/Packages/BH/include/boost/container/detail/copy_move_algo.hpp:196:19: warning: ‘void* memmove(void*, const void*, size_t)’ writing to an object of type ‘boost::movelib::detail::iterator_to_element_ptr<boost::container::dtl::pair<int, int>*>::element_type’ {aka ‘struct boost::container::dtl::pair<int, int>’} with no trivial copy-assignment; use copy-assignment or copy-initialization instead [-Wclass-memaccess]
Flavor: r-patched-linux-x86_64

Version: 1.2
Check: whether package can be installed
Result: WARN
    Found the following significant warnings:
     /home/hornik/tmp/R.check/r-release-gcc/Work/build/Packages/BH/include/boost/container/detail/copy_move_algo.hpp:182:19: warning: ‘void* memmove(void*, const void*, size_t)’ writing to an object of type ‘value_type’ {aka ‘struct boost::container::dtl::pair<int, int>’} with no trivial copy-assignment; use copy-assignment or copy-initialization instead [-Wclass-memaccess]
     /home/hornik/tmp/R.check/r-release-gcc/Work/build/Packages/BH/include/boost/container/detail/copy_move_algo.hpp:896:16: warning: ‘void* memmove(void*, const void*, size_t)’ writing to an object of type ‘boost::movelib::detail::iterator_to_element_ptr<boost::container::dtl::pair<int, int>*>::element_type’ {aka ‘struct boost::container::dtl::pair<int, int>’} with no trivial copy-assignment; use copy-assignment or copy-initialization instead [-Wclass-memaccess]
     /home/hornik/tmp/R.check/r-release-gcc/Work/build/Packages/BH/include/boost/container/detail/copy_move_algo.hpp:196:19: warning: ‘void* memmove(void*, const void*, size_t)’ writing to an object of type ‘boost::movelib::detail::iterator_to_element_ptr<boost::container::dtl::pair<int, int>*>::element_type’ {aka ‘struct boost::container::dtl::pair<int, int>’} with no trivial copy-assignment; use copy-assignment or copy-initialization instead [-Wclass-memaccess]
Flavor: r-release-linux-x86_64