CRAN Package Check Results for Package mcMST

Last updated on 2020-01-27 07:55:03 CET.

Flavor Version Tinstall Tcheck Ttotal Status Flags
r-devel-linux-x86_64-debian-clang 1.0.1 12.15 116.00 128.15 OK
r-devel-linux-x86_64-debian-gcc 1.0.1 10.72 88.41 99.13 OK
r-devel-linux-x86_64-fedora-clang 1.0.1 151.80 NOTE
r-devel-linux-x86_64-fedora-gcc 1.0.1 147.51 NOTE
r-devel-windows-ix86+x86_64 1.0.1 38.00 164.00 202.00 OK
r-devel-windows-ix86+x86_64-gcc8 1.0.1 45.00 125.00 170.00 OK
r-patched-linux-x86_64 1.0.1 9.11 100.57 109.68 OK
r-patched-solaris-x86 1.0.1 4.30 ERROR
r-release-linux-x86_64 1.0.1 9.49 100.20 109.69 OK
r-release-windows-ix86+x86_64 1.0.1 26.00 110.00 136.00 OK
r-release-osx-x86_64 1.0.1 NOTE
r-oldrel-windows-ix86+x86_64 1.0.1 12.00 100.00 112.00 OK
r-oldrel-osx-x86_64 1.0.1 NOTE

Check Details

Version: 1.0.1
Check: dependencies in R code
Result: NOTE
    Namespaces in Imports field not imported from:
     ‘parallelMap’ ‘reshape2’
     All declared Imports should be used.
Flavors: r-devel-linux-x86_64-fedora-clang, r-devel-linux-x86_64-fedora-gcc, r-release-osx-x86_64, r-oldrel-osx-x86_64

Version: 1.0.1
Check: package dependencies
Result: ERROR
    Package required but not available: ‘ecr’
    
    See section ‘The DESCRIPTION file’ in the ‘Writing R Extensions’
    manual.
Flavor: r-patched-solaris-x86