CRAN Package Check Results for Package meaRtools

Last updated on 2020-01-19 07:56:22 CET.

Flavor Version Tinstall Tcheck Ttotal Status Flags
r-devel-linux-x86_64-debian-clang 1.0.4 42.32 481.36 523.68 OK
r-devel-linux-x86_64-debian-gcc 1.0.4 28.53 347.76 376.29 OK
r-devel-linux-x86_64-fedora-clang 1.0.4 630.46 OK
r-devel-linux-x86_64-fedora-gcc 1.0.4 603.77 OK
r-devel-windows-ix86+x86_64 1.0.4 116.00 594.00 710.00 NOTE
r-devel-windows-ix86+x86_64-gcc8 1.0.4 78.00 637.00 715.00 NOTE
r-patched-linux-x86_64 1.0.4 33.46 430.72 464.18 OK
r-patched-solaris-x86 1.0.4 774.90 OK
r-release-linux-x86_64 1.0.4 32.72 423.37 456.09 OK
r-release-windows-ix86+x86_64 1.0.4 122.00 539.00 661.00 NOTE
r-release-osx-x86_64 1.0.4 FAIL
r-oldrel-windows-ix86+x86_64 1.0.4 81.00 368.00 449.00 NOTE
r-oldrel-osx-x86_64 1.0.4 OK

Check Details

Version: 1.0.4
Check: installed package size
Result: NOTE
     installed size is 5.4Mb
     sub-directories of 1Mb or more:
     extdata 2.6Mb
     libs 1.5Mb
Flavors: r-devel-windows-ix86+x86_64, r-devel-windows-ix86+x86_64-gcc8, r-release-windows-ix86+x86_64, r-oldrel-windows-ix86+x86_64

Version: 1.0.4
Check: whether package can be installed
Result: FAIL
Flavor: r-release-osx-x86_64