CRAN Package Check Results for Package metagear

Last updated on 2020-01-18 07:59:52 CET.

Flavor Version Tinstall Tcheck Ttotal Status Flags
r-devel-linux-x86_64-debian-clang 0.4 18.37 149.44 167.81 NOTE
r-devel-linux-x86_64-debian-gcc 0.4 16.36 111.92 128.28 NOTE
r-devel-linux-x86_64-fedora-clang 0.4 210.29 NOTE
r-devel-linux-x86_64-fedora-gcc 0.4 206.47 NOTE
r-devel-windows-ix86+x86_64 0.4 49.00 131.00 180.00 OK
r-devel-windows-ix86+x86_64-gcc8 0.4 28.00 193.00 221.00 OK
r-patched-linux-x86_64 0.4 17.83 128.97 146.80 OK
r-patched-solaris-x86 0.4 270.10 OK
r-release-linux-x86_64 0.4 16.14 128.73 144.87 OK
r-release-windows-ix86+x86_64 0.4 44.00 170.00 214.00 OK
r-release-osx-x86_64 0.4 WARN
r-oldrel-windows-ix86+x86_64 0.4 29.00 120.00 149.00 OK
r-oldrel-osx-x86_64 0.4 OK

Check Details

Version: 0.4
Check: for non-standard things in the check directory
Result: NOTE
    Found the following files/directories:
     'effort_Christina.csv' 'effort_Luc.csv'
Flavors: r-devel-linux-x86_64-debian-clang, r-devel-linux-x86_64-debian-gcc, r-devel-linux-x86_64-fedora-clang, r-devel-linux-x86_64-fedora-gcc

Version: 0.4
Check: dependencies in R code
Result: NOTE
    No protocol specified
    
    (R:50774): Gtk-WARNING **: gtk_disable_setlocale() must be called before gtk_init()
    No protocol specified
Flavor: r-release-osx-x86_64

Version: 0.4
Check: S3 generic/method consistency
Result: WARN
    No protocol specified
    
    (R:50780): Gtk-WARNING **: gtk_disable_setlocale() must be called before gtk_init()
    No protocol specified
    See section ‘Generic functions and methods’ in the ‘Writing R
    Extensions’ manual.
Flavor: r-release-osx-x86_64

Version: 0.4
Check: replacement functions
Result: WARN
    No protocol specified
    
    (R:50786): Gtk-WARNING **: gtk_disable_setlocale() must be called before gtk_init()
    No protocol specified
    The argument of a replacement function which corresponds to the right
    hand side must be named ‘value’.
Flavor: r-release-osx-x86_64

Version: 0.4
Check: foreign function calls
Result: NOTE
    No protocol specified
    
    (R:50792): Gtk-WARNING **: gtk_disable_setlocale() must be called before gtk_init()
    No protocol specified
    See chapter ‘System and foreign language interfaces’ in the ‘Writing R
    Extensions’ manual.
Flavor: r-release-osx-x86_64

Version: 0.4
Check: R code for possible problems
Result: NOTE
    No protocol specified
    
    (R:50816): Gtk-WARNING **: gtk_disable_setlocale() must be called before gtk_init()
    No protocol specified
Flavor: r-release-osx-x86_64

Version: 0.4
Check: for missing documentation entries
Result: WARN
    No protocol specified
    
    (R:50840): Gtk-WARNING **: gtk_disable_setlocale() must be called before gtk_init()
    No protocol specified
    All user-level objects in a package should have documentation entries.
    See chapter ‘Writing R documentation files’ in the ‘Writing R
    Extensions’ manual.
Flavor: r-release-osx-x86_64

Version: 0.4
Check: for code/documentation mismatches
Result: WARN
    No protocol specified
    
    (R:50846): Gtk-WARNING **: gtk_disable_setlocale() must be called before gtk_init()
    No protocol specified
    No protocol specified
    
    (R:50852): Gtk-WARNING **: gtk_disable_setlocale() must be called before gtk_init()
    No protocol specified
    No protocol specified
    
    (R:50858): Gtk-WARNING **: gtk_disable_setlocale() must be called before gtk_init()
    No protocol specified
Flavor: r-release-osx-x86_64

Version: 0.4
Check: Rd \usage sections
Result: NOTE
    No protocol specified
    
    (R:50870): Gtk-WARNING **: gtk_disable_setlocale() must be called before gtk_init()
    No protocol specified
    The \usage entries for S3 methods should use the \method markup and not
    their full name.
    See chapter ‘Writing R documentation files’ in the ‘Writing R
    Extensions’ manual.
Flavor: r-release-osx-x86_64