CRAN Package Check Results for Package mets

Last updated on 2020-01-27 07:55:03 CET.

Flavor Version Tinstall Tcheck Ttotal Status Flags
r-devel-linux-x86_64-debian-clang 1.2.6 306.05 299.88 605.93 OK
r-devel-linux-x86_64-debian-gcc 1.2.6 230.10 235.93 466.03 OK
r-devel-linux-x86_64-fedora-clang 1.2.6 816.14 NOTE
r-devel-linux-x86_64-fedora-gcc 1.2.6 804.57 OK
r-devel-windows-ix86+x86_64 1.2.6 669.00 625.00 1294.00 NOTE
r-devel-windows-ix86+x86_64-gcc8 1.2.6 751.00 523.00 1274.00 NOTE
r-patched-linux-x86_64 1.2.6 243.95 272.52 516.47 OK
r-patched-solaris-x86 1.2.6 744.50 NOTE
r-release-linux-x86_64 1.2.6 251.16 272.46 523.62 OK
r-release-windows-ix86+x86_64 1.2.6 488.00 461.00 949.00 NOTE
r-release-osx-x86_64 1.2.6 NOTE
r-oldrel-windows-ix86+x86_64 1.2.6 487.00 377.00 864.00 NOTE
r-oldrel-osx-x86_64 1.2.6 NOTE

Check Details

Version: 1.2.6
Check: installed package size
Result: NOTE
     installed size is 25.8Mb
     sub-directories of 1Mb or more:
     R 1.2Mb
     doc 1.1Mb
     libs 21.2Mb
     misc 1.1Mb
Flavors: r-devel-linux-x86_64-fedora-clang, r-devel-windows-ix86+x86_64, r-devel-windows-ix86+x86_64-gcc8, r-patched-solaris-x86, r-release-windows-ix86+x86_64, r-release-osx-x86_64, r-oldrel-windows-ix86+x86_64, r-oldrel-osx-x86_64