CRAN Package Check Results for Package micromapST

Last updated on 2020-01-27 07:55:03 CET.

Flavor Version Tinstall Tcheck Ttotal Status Flags
r-devel-linux-x86_64-debian-clang 1.1.1 10.42 73.34 83.76 NOTE
r-devel-linux-x86_64-debian-gcc 1.1.1 9.25 56.77 66.02 NOTE
r-devel-linux-x86_64-fedora-clang 1.1.1 102.74 NOTE
r-devel-linux-x86_64-fedora-gcc 1.1.1 102.76 NOTE
r-devel-windows-ix86+x86_64 1.1.1 27.00 118.00 145.00 OK
r-devel-windows-ix86+x86_64-gcc8 1.1.1 24.00 80.00 104.00 OK
r-patched-linux-x86_64 1.1.1 9.90 66.69 76.59 OK
r-patched-solaris-x86 1.1.1 136.70 OK
r-release-linux-x86_64 1.1.1 10.19 67.25 77.44 OK
r-release-windows-ix86+x86_64 1.1.1 14.00 81.00 95.00 OK
r-release-osx-x86_64 1.1.1 OK
r-oldrel-windows-ix86+x86_64 1.1.1 11.00 65.00 76.00 OK
r-oldrel-osx-x86_64 1.1.1 OK

Check Details

Version: 1.1.1
Check: for non-standard things in the check directory
Result: NOTE
    Found the following files/directories:
     'Ex01-WFLung-2000-2004-State-Dot-County-Box.pdf'
     'Ex02-WmLung50-70-Arrow-Bar.pdf' 'Ex03-Time-Series-with-Conf.pdf'
     'Ex04-Scatter-Dots.pdf' 'Ex05-Stkd-Bar-var-height.pdf'
     'Ex06-Stkd-Bar-fixedheight-nodot.pdf' 'Ex07-Educ-Centered-Bar.pdf'
     'Ex08-DotSignificants.pdf' 'Ex09-Kansas Population and
     Inc-8.5x14-sn.pdf' 'Ex10-Kansas Population and Inc-11x17.pdf'
     'Ex11-New York Pop 2010 and Change-sn colSize.pdf' 'Ex12-MD Pop 1970
     and 2010 plus change-map.pdf' 'Ex13-China 2013 Population.pdf'
     'Ex14-Seoul 2012 Population.pdf' 'Ex15-Utah Population.pdf'
     'Ex16_state.x77_no_DC.pdf' 'Ex17_state.x77_DCasNA_D.pdf' 'Ex18_Africa
     Micromap-11x17.pdf'
Flavors: r-devel-linux-x86_64-debian-clang, r-devel-linux-x86_64-debian-gcc, r-devel-linux-x86_64-fedora-clang, r-devel-linux-x86_64-fedora-gcc