CRAN Package Check Results for Package minimaxdesign

Last updated on 2020-01-27 07:55:04 CET.

Flavor Version Tinstall Tcheck Ttotal Status Flags
r-devel-linux-x86_64-debian-clang 0.1.4 67.59 25.65 93.24 OK
r-devel-linux-x86_64-debian-gcc 0.1.4 0.35 1.68 2.03 ERROR
r-devel-linux-x86_64-fedora-clang 0.1.4 130.67 NOTE
r-devel-linux-x86_64-fedora-gcc 0.1.4 124.68 NOTE
r-devel-windows-ix86+x86_64 0.1.4 175.00 93.00 268.00 OK
r-devel-windows-ix86+x86_64-gcc8 0.1.4 182.00 59.00 241.00 OK
r-patched-linux-x86_64 0.1.4 53.51 23.33 76.84 OK
r-patched-solaris-x86 0.1.4 120.90 NOTE
r-release-linux-x86_64 0.1.4 53.55 23.55 77.10 OK
r-release-windows-ix86+x86_64 0.1.4 137.00 63.00 200.00 OK
r-release-osx-x86_64 0.1.4 NOTE
r-oldrel-windows-ix86+x86_64 0.1.4 100.00 50.00 150.00 OK
r-oldrel-osx-x86_64 0.1.4 NOTE

Check Details

Version: 0.1.4
Check: package dependencies
Result: ERROR
    Package required but not available: ‘FrF2’
    
    See section ‘The DESCRIPTION file’ in the ‘Writing R Extensions’
    manual.
Flavor: r-devel-linux-x86_64-debian-gcc

Version: 0.1.4
Check: dependencies in R code
Result: NOTE
    Namespaces in Imports field not imported from:
     ‘DiceDesign’ ‘MaxPro’ ‘doSNOW’ ‘gmp’ ‘jpeg’
     All declared Imports should be used.
Flavors: r-devel-linux-x86_64-fedora-clang, r-devel-linux-x86_64-fedora-gcc, r-patched-solaris-x86, r-release-osx-x86_64, r-oldrel-osx-x86_64