CRAN Package Check Results for Package mixsqp

Last updated on 2020-02-26 07:51:46 CET.

Flavor Version Tinstall Tcheck Ttotal Status Flags
r-devel-linux-x86_64-debian-clang 0.3-17 40.56 178.39 218.95 OK
r-devel-linux-x86_64-debian-gcc 0.3-17 29.53 77.30 106.83 OK
r-devel-linux-x86_64-fedora-clang 0.3-17 274.41 OK
r-devel-linux-x86_64-fedora-gcc 0.3-17 268.79 OK
r-devel-windows-ix86+x86_64 0.3-17 70.00 286.00 356.00 OK
r-devel-windows-ix86+x86_64-gcc8 0.3-17 79.00 154.00 233.00 OK
r-patched-linux-x86_64 0.3-17 32.29 93.53 125.82 OK
r-patched-solaris-x86 0.3-17 1839.10 NOTE
r-release-linux-x86_64 0.3-17 33.60 93.56 127.16 OK
r-release-windows-ix86+x86_64 0.3-17 67.00 279.00 346.00 NOTE
r-release-osx-x86_64 0.3-17 OK
r-oldrel-windows-ix86+x86_64 0.3-17 73.00 319.00 392.00 NOTE
r-oldrel-osx-x86_64 0.3-17 OK

Check Details

Version: 0.3-17
Check: package dependencies
Result: NOTE
    Packages suggested but not available for checking: 'REBayes', 'Rmosek'
Flavor: r-patched-solaris-x86

Version: 0.3-17
Check: Rd cross-references
Result: NOTE
    Packages unavailable to check Rd xrefs: ‘REBayes’, ‘Rmosek’
Flavor: r-patched-solaris-x86

Version: 0.3-17
Check: package dependencies
Result: NOTE
    Package suggested but not available for checking: 'REBayes'
Flavors: r-release-windows-ix86+x86_64, r-oldrel-windows-ix86+x86_64

Version: 0.3-17
Check: Rd cross-references
Result: NOTE
    Package unavailable to check Rd xrefs: 'REBayes'
Flavors: r-release-windows-ix86+x86_64, r-oldrel-windows-ix86+x86_64