CRAN Package Check Results for Package mlrMBO

Last updated on 2020-01-26 07:52:20 CET.

Flavor Version Tinstall Tcheck Ttotal Status Flags
r-devel-linux-x86_64-debian-clang 1.1.3 17.47 286.34 303.81 OK
r-devel-linux-x86_64-debian-gcc 1.1.3 14.26 215.84 230.10 OK
r-devel-linux-x86_64-fedora-clang 1.1.3 339.74 OK
r-devel-linux-x86_64-fedora-gcc 1.1.3 351.53 OK
r-devel-windows-ix86+x86_64 1.1.3 65.00 566.00 631.00 OK
r-devel-windows-ix86+x86_64-gcc8 1.1.3 52.00 462.00 514.00 OK
r-patched-linux-x86_64 1.1.3 13.68 237.06 250.74 OK
r-patched-solaris-x86 1.1.3 4.80 ERROR
r-release-linux-x86_64 1.1.3 12.69 237.54 250.23 OK
r-release-windows-ix86+x86_64 1.1.3 28.00 384.00 412.00 OK
r-release-osx-x86_64 1.1.3 OK
r-oldrel-windows-ix86+x86_64 1.1.3 22.00 426.00 448.00 OK
r-oldrel-osx-x86_64 1.1.3 OK

Check Details

Version: 1.1.3
Check: package dependencies
Result: ERROR
    Package required but not available: ‘smoof’
    
    Package suggested but not available for checking: ‘cmaesr’
    
    See section ‘The DESCRIPTION file’ in the ‘Writing R Extensions’
    manual.
Flavor: r-patched-solaris-x86