CRAN Package Check Results for Package mmetrics

Last updated on 2020-01-18 07:59:53 CET.

Flavor Version Tinstall Tcheck Ttotal Status Flags
r-devel-linux-x86_64-debian-clang 0.3.0 2.27 28.12 30.39 OK
r-devel-linux-x86_64-debian-gcc 0.3.0 1.69 22.20 23.89 OK
r-devel-linux-x86_64-fedora-clang 0.3.0 37.13 NOTE
r-devel-linux-x86_64-fedora-gcc 0.3.0 35.97 NOTE
r-devel-windows-ix86+x86_64 0.3.0 10.00 56.00 66.00 OK
r-devel-windows-ix86+x86_64-gcc8 0.3.0 7.00 60.00 67.00 OK
r-patched-linux-x86_64 0.3.0 1.78 25.20 26.98 OK
r-patched-solaris-x86 0.3.0 57.30 NOTE
r-release-linux-x86_64 0.3.0 1.31 24.80 26.11 OK
r-release-windows-ix86+x86_64 0.3.0 9.00 56.00 65.00 OK
r-release-osx-x86_64 0.3.0 NOTE
r-oldrel-windows-ix86+x86_64 0.3.0 4.00 40.00 44.00 OK
r-oldrel-osx-x86_64 0.3.0 NOTE

Check Details

Version: 0.3.0
Check: dependencies in R code
Result: NOTE
    Namespaces in Imports field not imported from:
     ‘magrittr’ ‘stringr’
     All declared Imports should be used.
Flavors: r-devel-linux-x86_64-fedora-clang, r-devel-linux-x86_64-fedora-gcc, r-patched-solaris-x86, r-release-osx-x86_64, r-oldrel-osx-x86_64