CRAN Package Check Results for Package momentuHMM

Last updated on 2020-01-18 07:59:53 CET.

Flavor Version Tinstall Tcheck Ttotal Status Flags
r-devel-linux-x86_64-debian-clang 1.5.0 133.99 352.00 485.99 OK
r-devel-linux-x86_64-debian-gcc 1.5.0 99.30 256.61 355.91 OK
r-devel-linux-x86_64-fedora-clang 1.5.0 598.64 NOTE
r-devel-linux-x86_64-fedora-gcc 1.5.0 577.39 OK
r-devel-windows-ix86+x86_64 1.5.0 360.00 636.00 996.00 NOTE
r-devel-windows-ix86+x86_64-gcc8 1.5.0 290.00 672.00 962.00 NOTE
r-patched-linux-x86_64 1.5.0 111.04 305.16 416.20 OK
r-patched-solaris-x86 1.5.0 606.60 OK
r-release-linux-x86_64 1.5.0 104.76 305.43 410.19 OK
r-release-windows-ix86+x86_64 1.5.0 336.00 603.00 939.00 NOTE
r-release-osx-x86_64 1.5.0 NOTE
r-oldrel-windows-ix86+x86_64 1.5.0 259.00 411.00 670.00 NOTE
r-oldrel-osx-x86_64 1.5.0 NOTE

Check Details

Version: 1.5.0
Check: installed package size
Result: NOTE
     installed size is 7.7Mb
     sub-directories of 1Mb or more:
     R 1.1Mb
     doc 1.7Mb
     libs 4.2Mb
Flavors: r-devel-linux-x86_64-fedora-clang, r-devel-windows-ix86+x86_64, r-devel-windows-ix86+x86_64-gcc8, r-release-windows-ix86+x86_64, r-release-osx-x86_64, r-oldrel-windows-ix86+x86_64, r-oldrel-osx-x86_64