CRAN Package Check Results for Package morse

Last updated on 2020-01-18 07:59:53 CET.

Flavor Version Tinstall Tcheck Ttotal Status Flags
r-devel-linux-x86_64-debian-clang 3.2.5 15.49 250.85 266.34 OK --no-vignettes
r-devel-linux-x86_64-debian-gcc 3.2.5 11.35 184.47 195.82 OK --no-vignettes
r-devel-linux-x86_64-fedora-clang 3.2.5 330.01 OK --no-vignettes
r-devel-linux-x86_64-fedora-gcc 3.2.5 330.01 OK --no-vignettes
r-devel-windows-ix86+x86_64 3.2.5 35.00 261.00 296.00 OK --no-vignettes
r-devel-windows-ix86+x86_64-gcc8 3.2.5 24.00 367.00 391.00 OK --no-vignettes
r-patched-linux-x86_64 3.2.5 10.90 257.14 268.04 OK --no-vignettes
r-patched-solaris-x86 3.2.5 723.00 OK --no-vignettes
r-release-linux-x86_64 3.2.5 12.19 290.76 302.95 OK --no-vignettes
r-release-windows-ix86+x86_64 3.2.5 31.00 295.00 326.00 OK --no-vignettes
r-release-osx-x86_64 3.2.5 WARN
r-oldrel-windows-ix86+x86_64 3.2.5 21.00 270.00 291.00 OK --no-vignettes
r-oldrel-osx-x86_64 3.2.5 WARN

Check Details

Version: 3.2.5
Check: re-building of vignette outputs
Result: WARN
    Error(s) in re-building vignettes:
    --- re-building ‘tutorial.Rmd’ using rmarkdown
    Warning in engine$weave(file, quiet = quiet, encoding = enc) :
     Pandoc (>= 1.12.3) and/or pandoc-citeproc not available. Falling back to R Markdown v1.
    
    Attaching package: 'dplyr'
    
    The following objects are masked from 'package:stats':
    
     filter, lag
    
    The following objects are masked from 'package:base':
    
     intersect, setdiff, setequal, union
    
    Quitting from lines 342-344 (tutorial.Rmd)
    Error: processing vignette 'tutorial.Rmd' failed with diagnostics:
    The model needs too many iterations to provide reliable parameter estimates !
    --- failed re-building ‘tutorial.Rmd’
    
    --- re-building ‘modelling.Snw’ using Sweave
    --- finished re-building ‘modelling.Snw’
    
    SUMMARY: processing the following file failed:
     ‘tutorial.Rmd’
    
    Error: Vignette re-building failed.
    Execution halted
Flavor: r-release-osx-x86_64

Version: 3.2.5
Check: re-building of vignette outputs
Result: WARN
    Error in re-building vignettes:
     ...
    Warning in engine$weave(file, quiet = quiet, encoding = enc) :
     Pandoc (>= 1.12.3) and/or pandoc-citeproc not available. Falling back to R Markdown v1.
    
    Attaching package: 'dplyr'
    
    The following objects are masked from 'package:stats':
    
     filter, lag
    
    The following objects are masked from 'package:base':
    
     intersect, setdiff, setequal, union
    
    Quitting from lines 342-344 (tutorial.Rmd)
    Error: processing vignette 'tutorial.Rmd' failed with diagnostics:
    The model needs too many iterations to provide reliable parameter estimates !
    Execution halted
Flavor: r-oldrel-osx-x86_64