CRAN Package Check Results for Package mrgsolve

Last updated on 2020-01-17 21:47:13 CET.

Flavor Version Tinstall Tcheck Ttotal Status Flags
r-devel-linux-x86_64-debian-clang 0.10.0 127.38 107.26 234.64 OK
r-devel-linux-x86_64-debian-gcc 0.10.0 88.55 78.98 167.53 OK
r-devel-linux-x86_64-fedora-clang 0.10.0 299.93 NOTE
r-devel-linux-x86_64-fedora-gcc 0.10.0 288.93 OK
r-devel-windows-ix86+x86_64 0.10.0 370.00 256.00 626.00 OK
r-devel-windows-ix86+x86_64-gcc8 0.10.0 302.00 243.00 545.00 OK
r-patched-linux-x86_64 0.10.0 98.20 92.66 190.86 OK
r-patched-solaris-x86 0.10.0 287.50 OK
r-release-linux-x86_64 0.10.0 96.09 93.69 189.78 OK
r-release-windows-ix86+x86_64 0.10.0 352.00 220.00 572.00 OK
r-release-osx-x86_64 0.10.0 NOTE
r-oldrel-windows-ix86+x86_64 0.10.0 337.00 140.00 477.00 OK
r-oldrel-osx-x86_64 0.10.0 NOTE

Check Details

Version: 0.10.0
Check: installed package size
Result: NOTE
     installed size is 6.5Mb
     sub-directories of 1Mb or more:
     libs 4.9Mb
Flavors: r-devel-linux-x86_64-fedora-clang, r-release-osx-x86_64, r-oldrel-osx-x86_64