CRAN Package Check Results for Package mvcluster

Last updated on 2020-01-18 07:59:53 CET.

Flavor Version Tinstall Tcheck Ttotal Status Flags
r-devel-linux-x86_64-debian-clang 1.0 95.01 30.82 125.83 NOTE
r-devel-linux-x86_64-debian-gcc 1.0 67.20 23.51 90.71 NOTE
r-devel-linux-x86_64-fedora-clang 1.0 182.71 NOTE
r-devel-linux-x86_64-fedora-gcc 1.0 170.59 NOTE
r-devel-windows-ix86+x86_64 1.0 185.00 67.00 252.00 NOTE
r-devel-windows-ix86+x86_64-gcc8 1.0 211.00 88.00 299.00 NOTE
r-patched-linux-x86_64 1.0 76.94 27.54 104.48 NOTE
r-patched-solaris-x86 1.0 161.90 NOTE
r-release-linux-x86_64 1.0 76.92 29.18 106.10 NOTE
r-release-windows-ix86+x86_64 1.0 255.00 66.00 321.00 NOTE
r-release-osx-x86_64 1.0 NOTE
r-oldrel-windows-ix86+x86_64 1.0 262.00 58.00 320.00 NOTE
r-oldrel-osx-x86_64 1.0 NOTE

Check Details

Version: 1.0
Check: DESCRIPTION meta-information
Result: NOTE
    Checking should be performed on sources prepared by 'R CMD build'.
Flavors: r-devel-linux-x86_64-debian-clang, r-devel-linux-x86_64-debian-gcc, r-devel-linux-x86_64-fedora-clang, r-devel-linux-x86_64-fedora-gcc, r-devel-windows-ix86+x86_64, r-devel-windows-ix86+x86_64-gcc8, r-patched-linux-x86_64, r-patched-solaris-x86, r-release-linux-x86_64, r-release-windows-ix86+x86_64, r-release-osx-x86_64, r-oldrel-windows-ix86+x86_64, r-oldrel-osx-x86_64

Version: 1.0
Check: compiled code
Result: NOTE
    File ‘mvcluster/libs/mvcluster.so’:
     Found no calls to: ‘R_registerRoutines’, ‘R_useDynamicSymbols’
    
    It is good practice to register native routines and to disable symbol
    search.
    
    See ‘Writing portable packages’ in the ‘Writing R Extensions’ manual.
Flavors: r-devel-linux-x86_64-fedora-clang, r-devel-linux-x86_64-fedora-gcc