CRAN Package Check Results for Package ncdf4

Last updated on 2020-01-27 07:55:05 CET.

Flavor Version Tinstall Tcheck Ttotal Status Flags
r-devel-linux-x86_64-debian-clang 1.17 9.52 34.07 43.59 OK
r-devel-linux-x86_64-debian-gcc 1.17 6.43 25.73 32.16 OK
r-devel-linux-x86_64-fedora-clang 1.17 51.41 OK
r-devel-linux-x86_64-fedora-gcc 1.17 49.05 OK
r-devel-windows-ix86+x86_64 1.17 37.00 111.00 148.00 NOTE
r-devel-windows-ix86+x86_64-gcc8 1.17 24.00 103.00 127.00 NOTE
r-patched-linux-x86_64 1.17 5.96 30.80 36.76 OK
r-patched-solaris-x86 1.17 58.40 OK
r-release-linux-x86_64 1.17 7.68 30.29 37.97 OK
r-release-windows-ix86+x86_64 1.17 27.00 98.00 125.00 NOTE
r-release-osx-x86_64 1.17 NOTE
r-oldrel-windows-ix86+x86_64 1.17 21.00 89.00 110.00 NOTE
r-oldrel-osx-x86_64 1.17 NOTE

Check Details

Version: 1.17
Check: installed package size
Result: NOTE
     installed size is 8.7Mb
     sub-directories of 1Mb or more:
     libs 8.4Mb
Flavors: r-devel-windows-ix86+x86_64, r-devel-windows-ix86+x86_64-gcc8, r-release-windows-ix86+x86_64, r-release-osx-x86_64, r-oldrel-windows-ix86+x86_64, r-oldrel-osx-x86_64