CRAN Package Check Results for Package officer

Last updated on 2020-02-26 07:51:48 CET.

Flavor Version Tinstall Tcheck Ttotal Status Flags
r-devel-linux-x86_64-debian-clang 0.3.6 89.96 85.79 175.75 OK
r-devel-linux-x86_64-debian-gcc 0.3.6 59.96 67.05 127.01 OK
r-devel-linux-x86_64-fedora-clang 0.3.6 245.80 OK
r-devel-linux-x86_64-fedora-gcc 0.3.6 215.23 OK
r-devel-windows-ix86+x86_64 0.3.6 161.00 194.00 355.00 OK
r-devel-windows-ix86+x86_64-gcc8 0.3.6 171.00 199.00 370.00 OK
r-patched-linux-x86_64 0.3.6 68.03 77.15 145.18 OK
r-patched-solaris-x86 0.3.6 225.10 NOTE
r-release-linux-x86_64 0.3.6 69.25 77.16 146.41 OK
r-release-windows-ix86+x86_64 0.3.6 175.00 184.00 359.00 OK
r-release-osx-x86_64 0.3.6 OK
r-oldrel-windows-ix86+x86_64 0.3.6 150.00 174.00 324.00 OK
r-oldrel-osx-x86_64 0.3.6 OK

Check Details

Version: 0.3.6
Check: package dependencies
Result: NOTE
    Package suggested but not available for checking: ‘rsvg’
Flavor: r-patched-solaris-x86