CRAN Package Check Results for Package ontologySimilarity

Last updated on 2019-11-09 08:48:39 CET.

Flavor Version Tinstall Tcheck Ttotal Status Flags
r-devel-linux-x86_64-debian-clang 2.2 52.10 144.83 196.93 OK
r-devel-linux-x86_64-debian-gcc 2.2 32.82 116.80 149.62 OK
r-devel-linux-x86_64-fedora-clang 2.2 256.24 NOTE
r-devel-linux-x86_64-fedora-gcc 2.2 236.00 NOTE
r-devel-windows-ix86+x86_64 2.2 86.00 205.00 291.00 OK
r-patched-linux-x86_64 2.2 37.51 136.93 174.44 OK
r-patched-solaris-x86 2.2 247.20 OK
r-release-linux-x86_64 2.2 37.91 134.70 172.61 OK
r-release-windows-ix86+x86_64 2.2 110.00 184.00 294.00 OK
r-release-osx-x86_64 2.2 OK
r-oldrel-windows-ix86+x86_64 2.2 113.00 181.00 294.00 OK
r-oldrel-osx-x86_64 2.2 OK

Check Details

Version: 2.2
Check: compiled code
Result: NOTE
    File ‘ontologySimilarity/libs/ontologySimilarity.so’:
     Found no calls to: ‘R_registerRoutines’, ‘R_useDynamicSymbols’
    
    It is good practice to register native routines and to disable symbol
    search.
    
    See ‘Writing portable packages’ in the ‘Writing R Extensions’ manual.
Flavors: r-devel-linux-x86_64-fedora-clang, r-devel-linux-x86_64-fedora-gcc