CRAN Package Check Results for Package ontologySimilarity

Last updated on 2019-07-21 23:47:43 CEST.

Flavor Version Tinstall Tcheck Ttotal Status Flags
r-devel-linux-x86_64-debian-clang 2.2 42.61 140.06 182.67 OK
r-devel-linux-x86_64-debian-gcc 2.2 31.57 117.06 148.63 OK
r-devel-linux-x86_64-fedora-clang 2.2 241.79 NOTE
r-devel-linux-x86_64-fedora-gcc 2.2 228.11 NOTE
r-devel-windows-ix86+x86_64 2.2 83.00 216.00 299.00 OK
r-patched-linux-x86_64 2.2 40.42 135.32 175.74 OK
r-patched-solaris-x86 2.2 251.60 OK
r-release-linux-x86_64 2.2 38.46 135.00 173.46 OK
r-release-windows-ix86+x86_64 2.2 81.00 186.00 267.00 OK
r-release-osx-x86_64 2.2 OK
r-oldrel-windows-ix86+x86_64 2.2 113.00 178.00 291.00 OK
r-oldrel-osx-x86_64 2.2 OK

Check Details

Version: 2.2
Check: compiled code
Result: NOTE
    File ‘ontologySimilarity/libs/ontologySimilarity.so’:
     Found no calls to: ‘R_registerRoutines’, ‘R_useDynamicSymbols’
    
    It is good practice to register native routines and to disable symbol
    search.
    
    See ‘Writing portable packages’ in the ‘Writing R Extensions’ manual.
Flavors: r-devel-linux-x86_64-fedora-clang, r-devel-linux-x86_64-fedora-gcc