CRAN Package Check Results for Package oppr

Last updated on 2020-01-19 07:56:24 CET.

Flavor Version Tinstall Tcheck Ttotal Status Flags
r-devel-linux-x86_64-debian-clang 0.0.4 225.39 143.19 368.58 NOTE
r-devel-linux-x86_64-debian-gcc 0.0.4 158.82 110.93 269.75 NOTE
r-devel-linux-x86_64-fedora-clang 0.0.4 494.84 NOTE
r-devel-linux-x86_64-fedora-gcc 0.0.4 503.79 NOTE
r-devel-windows-ix86+x86_64 0.0.4 548.00 319.00 867.00 NOTE
r-devel-windows-ix86+x86_64-gcc8 0.0.4 508.00 354.00 862.00 NOTE
r-patched-linux-x86_64 0.0.4 186.06 124.93 310.99 NOTE
r-patched-solaris-x86 0.0.4 472.80 NOTE
r-release-linux-x86_64 0.0.4 177.57 129.34 306.91 NOTE
r-release-windows-ix86+x86_64 0.0.4 52.00 7.00 59.00 ERROR
r-release-osx-x86_64 0.0.4 NOTE
r-oldrel-windows-ix86+x86_64 0.0.4 564.00 287.00 851.00 NOTE
r-oldrel-osx-x86_64 0.0.4 NOTE

Check Details

Version: 0.0.4
Check: package dependencies
Result: NOTE
    Package suggested but not available for checking: 'gurobi'
Flavors: r-devel-linux-x86_64-debian-clang, r-devel-linux-x86_64-debian-gcc, r-devel-linux-x86_64-fedora-clang, r-devel-linux-x86_64-fedora-gcc, r-devel-windows-ix86+x86_64, r-devel-windows-ix86+x86_64-gcc8, r-patched-linux-x86_64, r-release-linux-x86_64, r-release-windows-ix86+x86_64, r-oldrel-windows-ix86+x86_64

Version: 0.0.4
Check: installed package size
Result: NOTE
     installed size is 9.6Mb
     sub-directories of 1Mb or more:
     libs 8.0Mb
Flavors: r-devel-linux-x86_64-fedora-clang, r-release-osx-x86_64, r-oldrel-osx-x86_64

Version: 0.0.4
Check: package dependencies
Result: NOTE
    Packages suggested but not available for checking:
     'gurobi', 'Rsymphony', 'lpsymphony'
Flavor: r-patched-solaris-x86

Version: 0.0.4
Check: whether package can be installed
Result: ERROR
    Installation failed.
Flavor: r-release-windows-ix86+x86_64

Version: 0.0.4
Check: package dependencies
Result: NOTE
    Packages suggested but not available for checking:
     'gurobi', 'ggtree', 'Rsymphony', 'lpsymphony'
Flavor: r-release-osx-x86_64

Version: 0.0.4
Check: Rd cross-references
Result: NOTE
    Package unavailable to check Rd xrefs: ‘ggtree’
Flavor: r-release-osx-x86_64

Version: 0.0.4
Check: package dependencies
Result: NOTE
    Packages suggested but not available for checking:
     ‘gurobi’ ‘Rsymphony’ ‘lpsymphony’
Flavor: r-oldrel-osx-x86_64