CRAN Package Check Results for Package optparse

Last updated on 2020-01-18 07:59:54 CET.

Flavor Version Tinstall Tcheck Ttotal Status Flags
r-devel-linux-x86_64-debian-clang 1.6.4 2.43 30.67 33.10 OK
r-devel-linux-x86_64-debian-gcc 1.6.4 1.88 24.64 26.52 OK
r-devel-linux-x86_64-fedora-clang 1.6.4 41.25 OK
r-devel-linux-x86_64-fedora-gcc 1.6.4 40.13 OK
r-devel-windows-ix86+x86_64 1.6.4 7.00 38.00 45.00 OK --no-vignettes
r-devel-windows-ix86+x86_64-gcc8 1.6.4 7.00 56.00 63.00 OK --no-vignettes
r-patched-linux-x86_64 1.6.4 1.94 28.01 29.95 OK
r-patched-solaris-x86 1.6.4 48.60 OK --no-vignettes
r-release-linux-x86_64 1.6.4 1.92 28.60 30.52 OK
r-release-windows-ix86+x86_64 1.6.4 8.00 39.00 47.00 OK --no-vignettes
r-release-osx-x86_64 1.6.4 WARN
r-oldrel-windows-ix86+x86_64 1.6.4 4.00 38.00 42.00 OK --no-vignettes
r-oldrel-osx-x86_64 1.6.4 WARN

Check Details

Version: 1.6.4
Check: re-building of vignette outputs
Result: WARN
    Error(s) in re-building vignettes:
     ...
    --- re-building ‘optparse.Rrst’ using knitr
    sh: +RTS: command not found
    Warning in system(command) : error in running command
    Error: processing vignette 'optparse.Rrst' failed with diagnostics:
    pandoc document conversion failed with error 127
    --- failed re-building ‘optparse.Rrst’
    
    SUMMARY: processing the following file failed:
     ‘optparse.Rrst’
    
    Error: Vignette re-building failed.
    Execution halted
Flavor: r-release-osx-x86_64

Version: 1.6.4
Check: re-building of vignette outputs
Result: WARN
    Error in re-building vignettes:
     ...
    sh: +RTS: command not found
    Warning in system(command) : error in running command
    Error: processing vignette 'optparse.Rrst' failed with diagnostics:
    pandoc document conversion failed with error 127
    Execution halted
Flavor: r-oldrel-osx-x86_64