CRAN Package Check Results for Package ordinalLBM

Last updated on 2020-01-27 07:55:06 CET.

Flavor Version Tinstall Tcheck Ttotal Status Flags
r-devel-linux-x86_64-debian-clang 1.0 2.37 23.90 26.27 OK
r-devel-linux-x86_64-debian-gcc 1.0 2.10 18.19 20.29 OK
r-devel-linux-x86_64-fedora-clang 1.0 32.18 NOTE
r-devel-linux-x86_64-fedora-gcc 1.0 31.69 NOTE
r-devel-windows-ix86+x86_64 1.0 8.00 51.00 59.00 OK
r-devel-windows-ix86+x86_64-gcc8 1.0 9.00 56.00 65.00 OK
r-patched-linux-x86_64 1.0 2.15 21.89 24.04 OK
r-patched-solaris-x86 1.0 43.00 NOTE
r-release-linux-x86_64 1.0 1.85 22.07 23.92 OK
r-release-windows-ix86+x86_64 1.0 4.00 37.00 41.00 OK
r-release-osx-x86_64 1.0 NOTE
r-oldrel-windows-ix86+x86_64 1.0 3.00 47.00 50.00 OK
r-oldrel-osx-x86_64 1.0 NOTE

Check Details

Version: 1.0
Check: dependencies in R code
Result: NOTE
    Namespace in Imports field not imported from: ‘reshape2’
     All declared Imports should be used.
Flavors: r-devel-linux-x86_64-fedora-clang, r-devel-linux-x86_64-fedora-gcc, r-patched-solaris-x86, r-release-osx-x86_64, r-oldrel-osx-x86_64