CRAN Package Check Results for Package oxcAAR

Last updated on 2020-01-16 17:48:16 CET.

Flavor Version Tinstall Tcheck Ttotal Status Flags
r-devel-linux-x86_64-debian-clang 1.0.0 3.07 68.91 71.98 OK
r-devel-linux-x86_64-debian-gcc 1.0.0 2.27 30.64 32.91 ERROR
r-devel-linux-x86_64-fedora-clang 1.0.0 71.64 OK
r-devel-linux-x86_64-fedora-gcc 1.0.0 69.97 OK
r-devel-windows-ix86+x86_64 1.0.0 10.00 108.00 118.00 OK
r-devel-windows-ix86+x86_64-gcc8 1.0.0 7.00 96.00 103.00 OK
r-patched-linux-x86_64 1.0.0 2.19 67.60 69.79 OK
r-patched-solaris-x86 1.0.0 58.50 ERROR
r-release-linux-x86_64 1.0.0 2.42 35.33 37.75 ERROR
r-release-windows-ix86+x86_64 1.0.0 8.00 78.00 86.00 OK
r-release-osx-x86_64 1.0.0 OK
r-oldrel-windows-ix86+x86_64 1.0.0 6.00 70.00 76.00 OK
r-oldrel-osx-x86_64 1.0.0 OK

Check Details

Version: 1.0.0
Check: tests
Result: ERROR
     Running ‘testthat.R’ [9s/144s]
    Running the tests in ‘tests/testthat.R’ failed.
    Complete output:
     > library(testthat)
     > library(oxcAAR)
     >
     > test_check("oxcAAR")
     sh: 1: /home/hornik/tmp/R.check/r-devel-gcc/Work/PKGS/oxcAAR.Rcheck/tests/testthat/ox_output.js: Permission denied
     trying URL 'https://c14.arch.ox.ac.uk/OxCalDistribution.zip'
     ── 1. Failure: quickSetupOxcal downloads oxcal and sets correct path (@test_util
     `quickSetupOxcal()` threw an error.
     Message: cannot open URL 'https://c14.arch.ox.ac.uk/OxCalDistribution.zip'
     Class: simpleError/error/condition
     Backtrace:
     1. testthat::expect_error(quickSetupOxcal(), NA)
     6. oxcAAR::quickSetupOxcal()
     7. oxcAAR:::downloadOxcal(path = path)
     8. utils::download.file(...)
    
     ── 2. Failure: quickSetupOxcal downloads oxcal and sets correct path (@test_util
     dir.exists("OxCal/bin/") isn't true.
    
     ── 3. Failure: quickSetupOxcal downloads oxcal and sets correct path (@test_util
     `%in%`(...) isn't true.
    
     ══ testthat results ═══════════════════════════════════════════════════════════
     [ OK: 94 | SKIPPED: 0 | WARNINGS: 1 | FAILED: 3 ]
     1. Failure: quickSetupOxcal downloads oxcal and sets correct path (@test_utility_functions.R#30)
     2. Failure: quickSetupOxcal downloads oxcal and sets correct path (@test_utility_functions.R#31)
     3. Failure: quickSetupOxcal downloads oxcal and sets correct path (@test_utility_functions.R#32)
    
     Error: testthat unit tests failed
     Execution halted
Flavor: r-devel-linux-x86_64-debian-gcc

Version: 1.0.0
Check: re-building of vignette outputs
Result: WARN
    Error(s) in re-building vignettes:
     ...
    --- re-building ‘basic-usage.Rmd’ using rmarkdown
    trying URL ‘https://c14.arch.ox.ac.uk/OxCalDistribution.zip’
    Quitting from lines 24-30 (basic-usage.Rmd)
    Error: processing vignette 'basic-usage.Rmd' failed with diagnostics:
    cannot open URL ‘https://c14.arch.ox.ac.uk/OxCalDistribution.zip’
    --- failed re-building ‘basic-usage.Rmd’
    
    SUMMARY: processing the following file failed:
     ‘basic-usage.Rmd’
    
    Error: Vignette re-building failed.
    Execution halted
Flavors: r-devel-linux-x86_64-debian-gcc, r-release-linux-x86_64

Version: 1.0.0
Check: tests
Result: ERROR
     Running ‘testthat.R’
    Running the tests in ‘tests/testthat.R’ failed.
    Complete output:
     > library(testthat)
     > library(oxcAAR)
     >
     > test_check("oxcAAR")
     sh: /home/ripley/R/packages/tests32/oxcAAR.Rcheck/tests/testthat/ox_output.js: cannot execute
     ── 1. Failure: quickSetupOxcal downloads oxcal and sets correct path (@test_util
     `quickSetupOxcal()` threw an error.
     Message: argument is of length zero
     Class: simpleError/error/condition
     Backtrace:
     1. testthat::expect_error(quickSetupOxcal(), NA)
     6. oxcAAR::quickSetupOxcal()
    
     ── 2. Failure: quickSetupOxcal downloads oxcal and sets correct path (@test_util
     dir.exists("OxCal/bin/") isn't true.
    
     ── 3. Failure: quickSetupOxcal downloads oxcal and sets correct path (@test_util
     `%in%`(...) isn't true.
    
     ══ testthat results ═══════════════════════════════════════════════════════════
     [ OK: 94 | SKIPPED: 0 | WARNINGS: 0 | FAILED: 3 ]
     1. Failure: quickSetupOxcal downloads oxcal and sets correct path (@test_utility_functions.R#30)
     2. Failure: quickSetupOxcal downloads oxcal and sets correct path (@test_utility_functions.R#31)
     3. Failure: quickSetupOxcal downloads oxcal and sets correct path (@test_utility_functions.R#32)
    
     Error: testthat unit tests failed
     Execution halted
Flavor: r-patched-solaris-x86

Version: 1.0.0
Check: re-building of vignette outputs
Result: WARN
    Error(s) in re-building vignettes:
     ...
    --- re-building ‘basic-usage.Rmd’ using rmarkdown
    Warning in engine$weave(file, quiet = quiet, encoding = enc) :
     The vignette engine knitr::rmarkdown is not available, because the rmarkdown package is not installed. Please install it.
    Quitting from lines 24-30 (basic-usage.Rmd)
    Error: processing vignette 'basic-usage.Rmd' failed with diagnostics:
    argument is of length zero
    --- failed re-building ‘basic-usage.Rmd’
    
    SUMMARY: processing the following file failed:
     ‘basic-usage.Rmd’
    
    Error: Vignette re-building failed.
    Execution halted
Flavor: r-patched-solaris-x86

Version: 1.0.0
Check: tests
Result: ERROR
     Running ‘testthat.R’ [10s/142s]
    Running the tests in ‘tests/testthat.R’ failed.
    Complete output:
     > library(testthat)
     > library(oxcAAR)
     >
     > test_check("oxcAAR")
     sh: 1: /home/hornik/tmp/R.check/r-release-gcc/Work/PKGS/oxcAAR.Rcheck/tests/testthat/ox_output.js: Permission denied
     trying URL 'https://c14.arch.ox.ac.uk/OxCalDistribution.zip'
     ── 1. Failure: quickSetupOxcal downloads oxcal and sets correct path (@test_util
     `quickSetupOxcal()` threw an error.
     Message: cannot open URL 'https://c14.arch.ox.ac.uk/OxCalDistribution.zip'
     Class: simpleError/error/condition
     Backtrace:
     1. testthat::expect_error(quickSetupOxcal(), NA)
     6. oxcAAR::quickSetupOxcal()
     7. oxcAAR:::downloadOxcal(path = path)
     8. utils::download.file(...)
    
     ── 2. Failure: quickSetupOxcal downloads oxcal and sets correct path (@test_util
     dir.exists("OxCal/bin/") isn't true.
    
     ── 3. Failure: quickSetupOxcal downloads oxcal and sets correct path (@test_util
     `%in%`(...) isn't true.
    
     ══ testthat results ═══════════════════════════════════════════════════════════
     [ OK: 94 | SKIPPED: 0 | WARNINGS: 1 | FAILED: 3 ]
     1. Failure: quickSetupOxcal downloads oxcal and sets correct path (@test_utility_functions.R#30)
     2. Failure: quickSetupOxcal downloads oxcal and sets correct path (@test_utility_functions.R#31)
     3. Failure: quickSetupOxcal downloads oxcal and sets correct path (@test_utility_functions.R#32)
    
     Error: testthat unit tests failed
     Execution halted
Flavor: r-release-linux-x86_64