CRAN Package Check Results for Package parcoords

Last updated on 2020-02-18 23:48:40 CET.

Flavor Version Tinstall Tcheck Ttotal Status Flags
r-devel-linux-x86_64-debian-clang 1.0.0 3.42 33.90 37.32 NOTE
r-devel-linux-x86_64-debian-gcc 1.0.0 2.38 27.04 29.42 NOTE
r-devel-linux-x86_64-fedora-clang 1.0.0 46.18 OK
r-devel-linux-x86_64-fedora-gcc 1.0.0 44.96 OK
r-devel-windows-ix86+x86_64 1.0.0 9.00 46.00 55.00 NOTE
r-devel-windows-ix86+x86_64-gcc8 1.0.0 15.00 67.00 82.00 NOTE
r-patched-linux-x86_64 1.0.0 2.19 30.35 32.54 OK
r-patched-solaris-x86 1.0.0 62.50 WARN
r-release-linux-x86_64 1.0.0 2.71 31.09 33.80 OK
r-release-windows-ix86+x86_64 1.0.0 7.00 47.00 54.00 OK
r-release-osx-x86_64 1.0.0 WARN
r-oldrel-windows-ix86+x86_64 1.0.0 4.00 44.00 48.00 OK
r-oldrel-osx-x86_64 1.0.0 WARN

Check Details

Version: 1.0.0
Check: package vignettes
Result: NOTE
    Package vignette with placeholder title 'Vignette Title':
     'introduction-to-parcoords-.Rmd'
Flavors: r-devel-linux-x86_64-debian-clang, r-devel-linux-x86_64-debian-gcc, r-devel-windows-ix86+x86_64, r-devel-windows-ix86+x86_64-gcc8

Version: 1.0.0
Check: re-building of vignette outputs
Result: WARN
    Error(s) in re-building vignettes:
     ...
    --- re-building ‘introduction-to-parcoords-.Rmd’ using rmarkdown
    Warning in engine$weave(file, quiet = quiet, encoding = enc) :
     Pandoc (>= 1.12.3) and/or pandoc-citeproc not available. Falling back to R Markdown v1.
    Quitting from lines 27-30 (introduction-to-parcoords-.Rmd)
    Error: processing vignette 'introduction-to-parcoords-.Rmd' failed with diagnostics:
    there is no package called 'webshot'
    --- failed re-building ‘introduction-to-parcoords-.Rmd’
    
    SUMMARY: processing the following file failed:
     ‘introduction-to-parcoords-.Rmd’
    
    Error: Vignette re-building failed.
    Execution halted
Flavor: r-patched-solaris-x86

Version: 1.0.0
Check: re-building of vignette outputs
Result: WARN
    Error(s) in re-building vignettes:
     ...
    --- re-building ‘introduction-to-parcoords-.Rmd’ using rmarkdown
    Warning in engine$weave(file, quiet = quiet, encoding = enc) :
     Pandoc (>= 1.12.3) and/or pandoc-citeproc not available. Falling back to R Markdown v1.
    Quitting from lines 27-30 (introduction-to-parcoords-.Rmd)
    Error: processing vignette 'introduction-to-parcoords-.Rmd' failed with diagnostics:
    cannot open the connection
    --- failed re-building ‘introduction-to-parcoords-.Rmd’
    
    SUMMARY: processing the following file failed:
     ‘introduction-to-parcoords-.Rmd’
    
    Error: Vignette re-building failed.
    Execution halted
Flavor: r-release-osx-x86_64

Version: 1.0.0
Check: re-building of vignette outputs
Result: WARN
    Error in re-building vignettes:
     ...
    Warning in engine$weave(file, quiet = quiet, encoding = enc) :
     Pandoc (>= 1.12.3) and/or pandoc-citeproc not available. Falling back to R Markdown v1.
    Quitting from lines 27-30 (introduction-to-parcoords-.Rmd)
    Error: processing vignette 'introduction-to-parcoords-.Rmd' failed with diagnostics:
    cannot open the connection
    Execution halted
Flavor: r-oldrel-osx-x86_64