CRAN Package Check Results for Package parglm

Last updated on 2020-01-18 07:59:55 CET.

Flavor Version Tinstall Tcheck Ttotal Status Flags
r-devel-linux-x86_64-debian-clang 0.1.4 81.82 73.41 155.23 OK
r-devel-linux-x86_64-debian-gcc 0.1.4 59.98 57.54 117.52 OK
r-devel-linux-x86_64-fedora-clang 0.1.4 232.47 OK
r-devel-linux-x86_64-fedora-gcc 0.1.4 219.57 OK
r-devel-windows-ix86+x86_64 0.1.4 226.00 161.00 387.00 OK
r-devel-windows-ix86+x86_64-gcc8 0.1.4 162.00 121.00 283.00 OK
r-patched-linux-x86_64 0.1.4 65.63 65.73 131.36 OK
r-patched-solaris-x86 0.1.4 210.20 ERROR
r-release-linux-x86_64 0.1.4 67.97 66.62 134.59 OK
r-release-windows-ix86+x86_64 0.1.4 210.00 146.00 356.00 OK
r-release-osx-x86_64 0.1.4 OK
r-oldrel-windows-ix86+x86_64 0.1.4 200.00 153.00 353.00 OK
r-oldrel-osx-x86_64 0.1.4 OK

Additional issues

OpenBLAS

Check Details

Version: 0.1.4
Check: tests
Result: ERROR
     Running ‘testthat.R’ [0m/180m]
    Running the tests in ‘tests/testthat.R’ failed.
    Complete output:
     > library(testthat)
     > library(parglm)
     >
     > test_check("parglm")
     ── 1. Failure: works with different families (@test_parglm_fams.R#75) ─────────
     binomial_probit_LAPACK w/ offset not equal to f2[to_check].
     Component "coefficients": Mean relative difference: 1.81034e-07
     Component "residuals": Mean relative difference: 9.113595e-08
     Component "fitted.values": Mean relative difference: 2.710728e-08
     Component "linear.predictors": Mean relative difference: 7.974346e-08
    
     ── 2. Failure: works with different families (@test_parglm_fams.R#75) ─────────
     Gamma_identity_LAPACK not equal to f2[to_check].
     Component "coefficients": Mean relative difference: 2.333482e-07
     Component "residuals": Mean relative difference: 6.661709e-08
     Component "fitted.values": Mean relative difference: 2.093266e-08
     Component "linear.predictors": Mean relative difference: 2.093266e-08
    
    
     *** caught segfault ***
     address a40ecc1f, cause 'memory not mapped'
Flavor: r-patched-solaris-x86