CRAN Package Check Results for Package pbkrtest

Last updated on 2020-02-24 07:50:04 CET.

Flavor Version Tinstall Tcheck Ttotal Status Flags
r-devel-linux-x86_64-debian-clang 0.4-8.6 9.89 146.58 156.47 OK
r-devel-linux-x86_64-debian-gcc 0.4-8.6 OK
r-devel-linux-x86_64-fedora-clang 0.4-8.6 185.50 OK
r-devel-linux-x86_64-fedora-gcc 0.4-8.6 187.23 OK
r-devel-windows-ix86+x86_64 0.4-7 19.00 151.00 170.00 OK
r-devel-windows-ix86+x86_64-gcc8 0.4-8.6 18.00 146.00 164.00 OK
r-patched-linux-x86_64 0.4-8.6 OK
r-patched-solaris-x86 0.4-8.6 219.90 OK
r-release-linux-x86_64 0.4-8.6 8.80 125.97 134.77 OK
r-release-windows-ix86+x86_64 0.4-8.6 16.00 130.00 146.00 OK
r-release-osx-x86_64 0.4-8.6 OK
r-oldrel-windows-ix86+x86_64 0.4-7 12.00 138.00 150.00 OK
r-oldrel-osx-x86_64 0.4-8.6 ERROR

Check Details

Version: 0.4-8.6
Check: whether package can be installed
Result: ERROR
    Installation failed.
Flavor: r-oldrel-osx-x86_64