CRAN Package Check Results for Package phantom

Last updated on 2020-01-18 07:59:55 CET.

Flavor Version Tinstall Tcheck Ttotal Status Flags
r-devel-linux-x86_64-debian-clang 0.1.3 43.17 122.87 166.04 OK
r-devel-linux-x86_64-debian-gcc 0.1.3 34.72 93.73 128.45 OK
r-devel-linux-x86_64-fedora-clang 0.1.3 225.40 WARN
r-devel-linux-x86_64-fedora-gcc 0.1.3 205.48 OK
r-devel-windows-ix86+x86_64 0.1.3 120.00 241.00 361.00 OK
r-devel-windows-ix86+x86_64-gcc8 0.1.3 91.00 230.00 321.00 OK
r-patched-linux-x86_64 0.1.3 32.53 106.13 138.66 OK
r-patched-solaris-x86 0.1.3 255.40 OK
r-release-linux-x86_64 0.1.3 37.69 107.29 144.98 OK
r-release-windows-ix86+x86_64 0.1.3 121.00 160.00 281.00 OK
r-release-osx-x86_64 0.1.3 OK
r-oldrel-windows-ix86+x86_64 0.1.3 94.00 218.00 312.00 WARN
r-oldrel-osx-x86_64 0.1.3 OK

Check Details

Version: 0.1.3
Check: package dependencies
Result: WARN
    Requires orphaned package: ‘gplots’
Flavor: r-devel-linux-x86_64-fedora-clang

Version: 0.1.3
Check: whether package can be installed
Result: WARN
    Found the following significant warnings:
     Warning: S3 methods '[.fun_list', '[.grouped_df', 'all.equal.tbl_df', 'anti_join.data.frame', 'anti_join.tbl_df', 'arrange.data.frame', 'arrange.default', 'arrange.grouped_df', 'arrange.tbl_df', 'arrange_.data.frame', 'arrange_.tbl_df', 'as.data.frame.grouped_df', 'as.data.frame.rowwise_df', 'as.data.frame.tbl_cube', 'as.table.tbl_cube', 'as.tbl.data.frame', 'as.tbl.tbl', 'as.tbl_cube.array', 'as.tbl_cube.data.frame', 'as.tbl_cube.matrix', 'as.tbl_cube.table', 'as_tibble.grouped_df', 'as_tibble.tbl_cube', 'auto_copy.tbl_cube', 'auto_copy.tbl_df', 'cbind.grouped_df', 'collapse.data.frame', 'collect.data.frame', 'common_by.NULL', 'common_by.character', 'common_by.default', 'common_by.list', 'compute.data.frame', 'copy_to.DBIConnection', 'copy_to.src_local', 'default_missing.data.frame', 'default_missing.default', 'dim.tbl_cube', 'distinct.data.frame', 'distinct.default', 'distinct.grouped_df', 'distinct.tbl_df', 'distinct_.data.frame', 'distinct_.grouped_df', 'distinct_.tbl_df', 'do.NULL', 'do.da [... truncated]
Flavor: r-oldrel-windows-ix86+x86_64