CRAN Package Check Results for Package porridge

Last updated on 2020-01-27 07:55:08 CET.

Flavor Version Tinstall Tcheck Ttotal Status Flags
r-devel-linux-x86_64-debian-clang 0.0.4 57.98 33.14 91.12 OK
r-devel-linux-x86_64-debian-gcc 0.0.4 40.44 28.14 68.58 OK
r-devel-linux-x86_64-fedora-clang 0.0.4 132.30 NOTE
r-devel-linux-x86_64-fedora-gcc 0.0.4 114.18 OK
r-devel-windows-ix86+x86_64 0.0.4 115.00 104.00 219.00 OK
r-devel-windows-ix86+x86_64-gcc8 0.0.4 122.00 87.00 209.00 OK
r-patched-linux-x86_64 0.0.4 38.76 31.06 69.82 OK
r-patched-solaris-x86 0.0.4 106.60 OK
r-release-linux-x86_64 0.0.4 39.41 30.72 70.13 OK
r-release-windows-ix86+x86_64 0.0.4 82.00 72.00 154.00 OK
r-release-osx-x86_64 0.0.4 NOTE
r-oldrel-windows-ix86+x86_64 0.0.4 70.00 91.00 161.00 OK
r-oldrel-osx-x86_64 0.0.4 NOTE

Check Details

Version: 0.0.4
Check: installed package size
Result: NOTE
     installed size is 6.0Mb
     sub-directories of 1Mb or more:
     libs 5.8Mb
Flavors: r-devel-linux-x86_64-fedora-clang, r-release-osx-x86_64, r-oldrel-osx-x86_64