CRAN Package Check Results for Package prevR

Last updated on 2020-01-16 17:48:19 CET.

Flavor Version Tinstall Tcheck Ttotal Status Flags
r-devel-linux-x86_64-debian-clang 3.4.0 15.59 184.21 199.80 OK
r-devel-linux-x86_64-debian-gcc 3.4.0 13.27 133.06 146.33 OK
r-devel-linux-x86_64-fedora-clang 3.4.0 231.42 OK
r-devel-linux-x86_64-fedora-gcc 3.4.0 236.11 OK
r-devel-windows-ix86+x86_64 3.4.0 61.00 304.00 365.00 OK
r-devel-windows-ix86+x86_64-gcc8 3.4.0 41.00 277.00 318.00 OK
r-patched-linux-x86_64 3.4.0 13.18 161.02 174.20 OK
r-patched-solaris-x86 3.4.0 315.00 OK
r-release-linux-x86_64 3.4.0 11.60 160.54 172.14 OK
r-release-windows-ix86+x86_64 3.4.0 48.00 184.00 232.00 OK
r-release-osx-x86_64 3.4.0 OK
r-oldrel-windows-ix86+x86_64 3.4.0 29.00 258.00 287.00 WARN
r-oldrel-osx-x86_64 3.4.0 OK

Check Details

Version: 3.4.0
Check: whether package can be installed
Result: WARN
    Found the following significant warnings:
     Warning: S3 methods '[.fun_list', '[.grouped_df', 'all.equal.tbl_df', 'anti_join.data.frame', 'anti_join.tbl_df', 'arrange.data.frame', 'arrange.default', 'arrange.grouped_df', 'arrange.tbl_df', 'arrange_.data.frame', 'arrange_.tbl_df', 'as.data.frame.grouped_df', 'as.data.frame.rowwise_df', 'as.data.frame.tbl_cube', 'as.table.tbl_cube', 'as.tbl.data.frame', 'as.tbl.tbl', 'as.tbl_cube.array', 'as.tbl_cube.data.frame', 'as.tbl_cube.matrix', 'as.tbl_cube.table', 'as_tibble.grouped_df', 'as_tibble.tbl_cube', 'auto_copy.tbl_cube', 'auto_copy.tbl_df', 'cbind.grouped_df', 'collapse.data.frame', 'collect.data.frame', 'common_by.NULL', 'common_by.character', 'common_by.default', 'common_by.list', 'compute.data.frame', 'copy_to.DBIConnection', 'copy_to.src_local', 'default_missing.data.frame', 'default_missing.default', 'dim.tbl_cube', 'distinct.data.frame', 'distinct.default', 'distinct.grouped_df', 'distinct.tbl_df', 'distinct_.data.frame', 'distinct_.grouped_df', 'distinct_.tbl_df', 'do.NULL', 'do.da [... truncated]
Flavor: r-oldrel-windows-ix86+x86_64