CRAN Package Check Results for Package primerTree

Last updated on 2020-01-27 07:55:08 CET.

Flavor Version Tinstall Tcheck Ttotal Status Flags
r-devel-linux-x86_64-debian-clang 1.0.5 8.23 75.79 84.02 OK
r-devel-linux-x86_64-debian-gcc 1.0.5 6.15 56.99 63.14 OK
r-devel-linux-x86_64-fedora-clang 1.0.5 103.45 NOTE
r-devel-linux-x86_64-fedora-gcc 1.0.5 99.66 NOTE
r-devel-windows-ix86+x86_64 1.0.5 33.00 162.00 195.00 OK
r-devel-windows-ix86+x86_64-gcc8 1.0.4 37.00 138.00 175.00 OK
r-patched-linux-x86_64 1.0.5 8.19 66.13 74.32 OK
r-patched-solaris-x86 1.0.5 141.20 NOTE
r-release-linux-x86_64 1.0.5 7.35 66.32 73.67 OK
r-release-windows-ix86+x86_64 1.0.4 19.00 103.00 122.00 OK
r-release-osx-x86_64 1.0.4 OK
r-oldrel-windows-ix86+x86_64 1.0.5 22.00 176.00 198.00 OK
r-oldrel-osx-x86_64 1.0.4 OK

Check Details

Version: 1.0.5
Check: dependencies in R code
Result: NOTE
    Namespace in Imports field not imported from: ‘RCurl’
     All declared Imports should be used.
Flavors: r-devel-linux-x86_64-fedora-clang, r-devel-linux-x86_64-fedora-gcc, r-patched-solaris-x86