CRAN Package Check Results for Package prisonbrief

Last updated on 2020-01-16 17:48:19 CET.

Flavor Version Tinstall Tcheck Ttotal Status Flags
r-devel-linux-x86_64-debian-clang 0.1.0 7.19 58.80 65.99 OK
r-devel-linux-x86_64-debian-gcc 0.1.0 5.95 44.16 50.11 OK
r-devel-linux-x86_64-fedora-clang 0.1.0 80.41 NOTE
r-devel-linux-x86_64-fedora-gcc 0.1.0 76.33 NOTE
r-devel-windows-ix86+x86_64 0.1.0 21.00 107.00 128.00 OK
r-devel-windows-ix86+x86_64-gcc8 0.1.0 19.00 95.00 114.00 OK
r-patched-linux-x86_64 0.1.0 6.70 51.07 57.77 OK
r-patched-solaris-x86 0.1.0 116.00 NOTE
r-release-linux-x86_64 0.1.0 6.76 50.17 56.93 OK
r-release-windows-ix86+x86_64 0.1.0 25.00 70.00 95.00 OK
r-release-osx-x86_64 0.1.0 NOTE
r-oldrel-windows-ix86+x86_64 0.1.0 11.00 58.00 69.00 OK
r-oldrel-osx-x86_64 0.1.0 NOTE

Check Details

Version: 0.1.0
Check: data for non-ASCII characters
Result: NOTE
     Note: found 2 marked UTF-8 strings
Flavors: r-devel-linux-x86_64-fedora-clang, r-devel-linux-x86_64-fedora-gcc, r-patched-solaris-x86, r-release-osx-x86_64, r-oldrel-osx-x86_64