CRAN Package Check Results for Package proj4

Last updated on 2019-12-10 07:50:11 CET.

Flavor Version Tinstall Tcheck Ttotal Status Flags
r-devel-linux-x86_64-debian-clang 1.0-8.1 5.58 19.31 24.89 WARN
r-devel-linux-x86_64-debian-gcc 1.0-8.1 3.22 15.44 18.66 WARN
r-devel-linux-x86_64-fedora-clang 1.0-8.1 31.36 WARN
r-devel-linux-x86_64-fedora-gcc 1.0-8.1 28.80 WARN
r-devel-windows-ix86+x86_64 1.0-8.1 9.00 49.00 58.00 NOTE
r-devel-windows-ix86+x86_64-gcc8 1.0-8.1 8.00 50.00 58.00 NOTE
r-patched-linux-x86_64 1.0-8.1 3.47 18.25 21.72 NOTE
r-patched-solaris-x86 1.0-8.1 36.70 NOTE
r-release-linux-x86_64 1.0-8.1 3.77 18.85 22.62 NOTE
r-release-windows-ix86+x86_64 1.0-8.1 7.00 36.00 43.00 NOTE
r-release-osx-x86_64 1.0-8.1 NOTE
r-oldrel-windows-ix86+x86_64 1.0-8.1 6.00 34.00 40.00 NOTE
r-oldrel-osx-x86_64 1.0-8.1 NOTE

Check Details

Version: 1.0-8.1
Check: whether package can be installed
Result: WARN
    Found the following significant warnings:
     'config' variable 'CPP' is deprecated
Flavors: r-devel-linux-x86_64-debian-clang, r-devel-linux-x86_64-debian-gcc, r-devel-linux-x86_64-fedora-clang, r-devel-linux-x86_64-fedora-gcc

Version: 1.0-8.1
Check: R code for possible problems
Result: NOTE
    NB: .First.lib is obsolete and will not be used in R >= 3.0.0
Flavors: r-devel-linux-x86_64-debian-clang, r-devel-linux-x86_64-debian-gcc, r-devel-linux-x86_64-fedora-clang, r-devel-linux-x86_64-fedora-gcc, r-devel-windows-ix86+x86_64, r-devel-windows-ix86+x86_64-gcc8, r-patched-linux-x86_64, r-patched-solaris-x86, r-release-linux-x86_64, r-release-windows-ix86+x86_64, r-release-osx-x86_64, r-oldrel-windows-ix86+x86_64, r-oldrel-osx-x86_64

Version: 1.0-8.1
Check: compiled code
Result: NOTE
    File ‘proj4/libs/proj4.so’:
     Found no calls to: ‘R_registerRoutines’, ‘R_useDynamicSymbols’
    
    It is good practice to register native routines and to disable symbol
    search.
    
    See ‘Writing portable packages’ in the ‘Writing R Extensions’ manual.
Flavors: r-devel-linux-x86_64-fedora-clang, r-devel-linux-x86_64-fedora-gcc