CRAN Package Check Results for Package propr

Last updated on 2020-01-18 07:59:57 CET.

Flavor Version Tinstall Tcheck Ttotal Status Flags
r-devel-linux-x86_64-debian-clang 4.2.6 73.60 151.62 225.22 OK
r-devel-linux-x86_64-debian-gcc 4.2.6 49.96 111.03 160.99 OK
r-devel-linux-x86_64-fedora-clang 4.2.6 283.63 NOTE
r-devel-linux-x86_64-fedora-gcc 4.2.6 285.05 NOTE
r-devel-windows-ix86+x86_64 4.2.6 186.00 272.00 458.00 NOTE
r-devel-windows-ix86+x86_64-gcc8 4.2.6 154.00 261.00 415.00 NOTE
r-patched-linux-x86_64 4.2.6 56.50 135.41 191.91 OK
r-patched-solaris-x86 4.2.6 295.80 NOTE
r-release-linux-x86_64 4.2.6 60.85 136.89 197.74 OK
r-release-windows-ix86+x86_64 4.2.6 189.00 196.00 385.00 NOTE
r-release-osx-x86_64 4.2.6 NOTE
r-oldrel-windows-ix86+x86_64 4.2.6 149.00 169.00 318.00 NOTE
r-oldrel-osx-x86_64 4.2.6 NOTE

Check Details

Version: 4.2.6
Check: package dependencies
Result: NOTE
    Suggests orphaned package: ‘SDMTools’
Flavor: r-devel-linux-x86_64-fedora-clang

Version: 4.2.6
Check: installed package size
Result: NOTE
     installed size is 6.2Mb
     sub-directories of 1Mb or more:
     data 1.5Mb
     doc 1.4Mb
     libs 2.8Mb
Flavors: r-devel-linux-x86_64-fedora-clang, r-devel-windows-ix86+x86_64, r-devel-windows-ix86+x86_64-gcc8, r-release-windows-ix86+x86_64, r-release-osx-x86_64, r-oldrel-windows-ix86+x86_64, r-oldrel-osx-x86_64

Version: 4.2.6
Check: dependencies in R code
Result: NOTE
    Namespace in Imports field not imported from: ‘utils’
     All declared Imports should be used.
Flavors: r-devel-linux-x86_64-fedora-clang, r-devel-linux-x86_64-fedora-gcc, r-patched-solaris-x86, r-release-osx-x86_64, r-oldrel-osx-x86_64

Version: 4.2.6
Check: package dependencies
Result: NOTE
    Package suggested but not available for checking: ‘ALDEx2’
Flavors: r-release-osx-x86_64, r-oldrel-osx-x86_64