CRAN Package Check Results for Package pse

Last updated on 2020-02-22 07:50:13 CET.

Flavor Version Tinstall Tcheck Ttotal Status Flags
r-devel-linux-x86_64-debian-clang 0.4.7 10.96 109.09 120.05 OK
r-devel-linux-x86_64-debian-gcc 0.4.7 9.42 82.32 91.74 OK
r-devel-linux-x86_64-fedora-clang 0.4.7 154.88 NOTE
r-devel-linux-x86_64-fedora-gcc 0.4.7 143.03 OK
r-devel-windows-ix86+x86_64 0.4.7 31.00 141.00 172.00 OK
r-devel-windows-ix86+x86_64-gcc8 0.4.7 48.00 146.00 194.00 OK
r-patched-linux-x86_64 0.4.7 OK
r-patched-solaris-x86 0.4.7 194.90 OK
r-release-linux-x86_64 0.4.7 9.74 96.59 106.33 OK
r-release-windows-ix86+x86_64 0.4.7 24.00 134.00 158.00 OK
r-release-osx-x86_64 0.4.7 OK
r-oldrel-windows-ix86+x86_64 0.4.7 16.00 133.00 149.00 OK
r-oldrel-osx-x86_64 0.4.7 OK

Check Details

Version: 0.4.7
Check: package dependencies
Result: NOTE
    Suggests orphaned package: ‘mcmc’
Flavor: r-devel-linux-x86_64-fedora-clang