CRAN Package Check Results for Package puzzle

Last updated on 2020-02-27 07:49:48 CET.

Flavor Version Tinstall Tcheck Ttotal Status Flags
r-devel-linux-x86_64-debian-clang 0.0.1 3.25 26.62 29.87 OK
r-devel-linux-x86_64-debian-gcc 0.0.1 2.99 20.92 23.91 OK
r-devel-linux-x86_64-fedora-clang 0.0.1 36.71 NOTE
r-devel-linux-x86_64-fedora-gcc 0.0.1 36.03 NOTE
r-devel-windows-ix86+x86_64 0.0.1 13.00 41.00 54.00 OK
r-devel-windows-ix86+x86_64-gcc8 0.0.1 13.00 39.00 52.00 OK
r-patched-linux-x86_64 0.0.1 3.30 24.13 27.43 OK
r-patched-solaris-x86 0.0.1 51.00 NOTE
r-release-linux-x86_64 0.0.1 2.36 24.49 26.85 OK
r-release-windows-ix86+x86_64 0.0.1 6.00 37.00 43.00 OK
r-release-osx-x86_64 0.0.1 NOTE
r-oldrel-windows-ix86+x86_64 0.0.1 7.00 41.00 48.00 OK
r-oldrel-osx-x86_64 0.0.1 NOTE

Check Details

Version: 0.0.1
Check: dependencies in R code
Result: NOTE
    Namespaces in Imports field not imported from:
     ‘kableExtra’ ‘readr’ ‘tidyverse’
     All declared Imports should be used.
Flavors: r-devel-linux-x86_64-fedora-clang, r-devel-linux-x86_64-fedora-gcc, r-patched-solaris-x86, r-release-osx-x86_64, r-oldrel-osx-x86_64