CRAN Package Check Results for Package questionr

Last updated on 2020-02-26 07:51:51 CET.

Flavor Version Tinstall Tcheck Ttotal Status Flags
r-devel-linux-x86_64-debian-clang 0.7.0 6.34 53.44 59.78 OK
r-devel-linux-x86_64-debian-gcc 0.7.0 6.06 41.87 47.93 OK
r-devel-linux-x86_64-fedora-clang 0.7.0 73.20 NOTE
r-devel-linux-x86_64-fedora-gcc 0.7.0 71.08 NOTE
r-devel-windows-ix86+x86_64 0.7.0 14.00 67.00 81.00 OK
r-devel-windows-ix86+x86_64-gcc8 0.7.0 14.00 71.00 85.00 OK
r-patched-linux-x86_64 0.7.0 5.13 48.32 53.45 OK
r-patched-solaris-x86 0.7.0 99.00 NOTE
r-release-linux-x86_64 0.7.0 5.55 49.04 54.59 OK
r-release-windows-ix86+x86_64 0.7.0 12.00 65.00 77.00 OK
r-release-osx-x86_64 0.7.0 NOTE
r-oldrel-windows-ix86+x86_64 0.7.0 9.00 62.00 71.00 OK
r-oldrel-osx-x86_64 0.7.0 NOTE

Check Details

Version: 0.7.0
Check: data for non-ASCII characters
Result: NOTE
     Note: found 4145 marked UTF-8 strings
Flavors: r-devel-linux-x86_64-fedora-clang, r-devel-linux-x86_64-fedora-gcc, r-patched-solaris-x86, r-release-osx-x86_64, r-oldrel-osx-x86_64