CRAN Package Check Results for Package quickReg

Last updated on 2020-01-17 21:47:18 CET.

Flavor Version Tinstall Tcheck Ttotal Status Flags
r-devel-linux-x86_64-debian-clang 1.5.0 5.79 71.67 77.46 OK
r-devel-linux-x86_64-debian-gcc 1.5.0 4.66 54.49 59.15 OK
r-devel-linux-x86_64-fedora-clang 1.5.0 91.49 NOTE
r-devel-linux-x86_64-fedora-gcc 1.5.0 88.38 NOTE
r-devel-windows-ix86+x86_64 1.5.0 23.00 115.00 138.00 OK
r-devel-windows-ix86+x86_64-gcc8 1.5.0 13.00 118.00 131.00 OK
r-patched-linux-x86_64 1.5.0 3.94 63.51 67.45 OK
r-patched-solaris-x86 1.5.0 117.50 NOTE
r-release-linux-x86_64 1.5.0 4.68 62.25 66.93 OK
r-release-windows-ix86+x86_64 1.5.0 14.00 107.00 121.00 OK
r-release-osx-x86_64 1.5.0 NOTE
r-oldrel-windows-ix86+x86_64 1.5.0 9.00 74.00 83.00 OK
r-oldrel-osx-x86_64 1.5.0 NOTE

Check Details

Version: 1.5.0
Check: dependencies in R code
Result: NOTE
    Namespace in Imports field not imported from: ‘psych’
     All declared Imports should be used.
Flavors: r-devel-linux-x86_64-fedora-clang, r-devel-linux-x86_64-fedora-gcc, r-patched-solaris-x86, r-release-osx-x86_64, r-oldrel-osx-x86_64