CRAN Package Check Results for Package r2d2

Last updated on 2020-01-22 07:57:17 CET.

Flavor Version Tinstall Tcheck Ttotal Status Flags
r-devel-linux-x86_64-debian-clang 1.0-0 3.09 32.74 35.83 NOTE
r-devel-linux-x86_64-debian-gcc 1.0-0 2.22 26.32 28.54 NOTE
r-devel-linux-x86_64-fedora-clang 1.0-0 43.99 NOTE
r-devel-linux-x86_64-fedora-gcc 1.0-0 43.24 NOTE
r-devel-windows-ix86+x86_64 1.0-0 7.00 47.00 54.00 NOTE
r-devel-windows-ix86+x86_64-gcc8 1.0-0 12.00 66.00 78.00 NOTE
r-patched-linux-x86_64 1.0-0 2.42 29.71 32.13 NOTE
r-patched-solaris-x86 1.0-0 60.80 NOTE
r-release-linux-x86_64 1.0-0 2.52 29.93 32.45 NOTE
r-release-windows-ix86+x86_64 1.0-0 11.00 63.00 74.00 NOTE
r-release-osx-x86_64 1.0-0 NOTE
r-oldrel-windows-ix86+x86_64 1.0-0 4.00 60.00 64.00 NOTE
r-oldrel-osx-x86_64 1.0-0 NOTE

Check Details

Version: 1.0-0
Check: R code for possible problems
Result: NOTE
    conf2d.default: no visible global function definition for 'polygon'
    conf2d_int: no visible global function definition for 'contourLines'
    Undefined global functions or variables:
     contourLines polygon
    Consider adding
     importFrom("grDevices", "contourLines")
     importFrom("graphics", "polygon")
    to your NAMESPACE file.
Flavors: r-devel-linux-x86_64-debian-clang, r-devel-linux-x86_64-debian-gcc, r-devel-linux-x86_64-fedora-clang, r-devel-linux-x86_64-fedora-gcc, r-devel-windows-ix86+x86_64, r-devel-windows-ix86+x86_64-gcc8, r-patched-linux-x86_64, r-patched-solaris-x86, r-release-linux-x86_64, r-release-windows-ix86+x86_64, r-release-osx-x86_64, r-oldrel-windows-ix86+x86_64, r-oldrel-osx-x86_64