CRAN Package Check Results for Package rAmCharts

Last updated on 2020-02-18 23:48:43 CET.

Flavor Version Tinstall Tcheck Ttotal Status Flags
r-devel-linux-x86_64-debian-clang 2.1.13 17.40 130.71 148.11 OK
r-devel-linux-x86_64-debian-gcc 2.1.13 14.98 126.34 141.32 OK
r-devel-linux-x86_64-fedora-clang 2.1.13 152.40 NOTE
r-devel-linux-x86_64-fedora-gcc 2.1.13 157.27 OK
r-devel-windows-ix86+x86_64 2.1.13 36.00 149.00 185.00 NOTE
r-devel-windows-ix86+x86_64-gcc8 2.1.13 55.00 157.00 212.00 NOTE
r-patched-linux-x86_64 2.1.13 13.76 117.38 131.14 OK
r-patched-solaris-x86 2.1.13 173.80 NOTE
r-release-linux-x86_64 2.1.13 13.45 113.62 127.07 OK
r-release-windows-ix86+x86_64 2.1.13 36.00 143.00 179.00 NOTE
r-release-osx-x86_64 2.1.13 NOTE
r-oldrel-windows-ix86+x86_64 2.1.13 29.00 146.00 175.00 NOTE
r-oldrel-osx-x86_64 2.1.13 NOTE

Check Details

Version: 2.1.13
Check: installed package size
Result: NOTE
     installed size is 12.1Mb
     sub-directories of 1Mb or more:
     api 3.2Mb
     htmlwidgets 7.1Mb
Flavors: r-devel-linux-x86_64-fedora-clang, r-devel-windows-ix86+x86_64, r-devel-windows-ix86+x86_64-gcc8, r-patched-solaris-x86, r-release-windows-ix86+x86_64, r-release-osx-x86_64, r-oldrel-windows-ix86+x86_64, r-oldrel-osx-x86_64