CRAN Package Check Results for Package ragt2ridges

Last updated on 2020-01-18 07:59:58 CET.

Flavor Version Tinstall Tcheck Ttotal Status Flags
r-devel-linux-x86_64-debian-clang 0.3.3 82.19 180.33 262.52 OK
r-devel-linux-x86_64-debian-gcc 0.3.3 61.51 131.31 192.82 OK
r-devel-linux-x86_64-fedora-clang 0.3.3 348.31 NOTE
r-devel-linux-x86_64-fedora-gcc 0.3.3 325.01 OK
r-devel-windows-ix86+x86_64 0.3.3 193.00 289.00 482.00 OK
r-devel-windows-ix86+x86_64-gcc8 0.3.3 152.00 394.00 546.00 OK
r-patched-linux-x86_64 0.3.3 62.82 152.36 215.18 OK
r-patched-solaris-x86 0.3.3 330.50 OK
r-release-linux-x86_64 0.3.3 61.32 153.43 214.75 OK
r-release-windows-ix86+x86_64 0.3.3 181.00 255.00 436.00 OK
r-release-osx-x86_64 0.3.3 NOTE
r-oldrel-windows-ix86+x86_64 0.3.3 154.00 219.00 373.00 OK
r-oldrel-osx-x86_64 0.3.3 NOTE

Check Details

Version: 0.3.3
Check: installed package size
Result: NOTE
     installed size is 9.2Mb
     sub-directories of 1Mb or more:
     libs 8.6Mb
Flavors: r-devel-linux-x86_64-fedora-clang, r-release-osx-x86_64, r-oldrel-osx-x86_64

Version: 0.3.3
Check: package dependencies
Result: NOTE
    Package suggested but not available for checking: ‘CGHbase’
Flavor: r-oldrel-osx-x86_64

Version: 0.3.3
Check: Rd cross-references
Result: NOTE
    Package unavailable to check Rd xrefs: ‘CGHbase’
Flavor: r-oldrel-osx-x86_64

Version: 0.3.3
Check: data for non-ASCII characters
Result: NOTE
     Error in .requirePackage(package) :
     unable to find required package 'CGHbase'
     Calls: <Anonymous> ... .extendsForS3 -> extends -> getClassDef -> .requirePackage
     Execution halted
Flavor: r-oldrel-osx-x86_64