CRAN Package Check Results for Package ramcmc

Last updated on 2020-01-27 07:55:12 CET.

Flavor Version Tinstall Tcheck Ttotal Status Flags
r-devel-linux-x86_64-debian-clang 0.1.0-1 25.24 35.12 60.36 NOTE
r-devel-linux-x86_64-debian-gcc 0.1.0-1 20.07 27.20 47.27 NOTE
r-devel-linux-x86_64-fedora-clang 0.1.0-1 85.63 NOTE
r-devel-linux-x86_64-fedora-gcc 0.1.0-1 80.19 NOTE
r-devel-windows-ix86+x86_64 0.1.0-1 77.00 92.00 169.00 NOTE
r-devel-windows-ix86+x86_64-gcc8 0.1.0-1 81.00 69.00 150.00 NOTE
r-patched-linux-x86_64 0.1.0-1 21.56 32.38 53.94 NOTE
r-patched-solaris-x86 0.1.0-1 88.10 NOTE
r-release-linux-x86_64 0.1.0-1 25.81 32.64 58.45 NOTE
r-release-windows-ix86+x86_64 0.1.0-1 49.00 72.00 121.00 NOTE
r-release-osx-x86_64 0.1.0-1 NOTE
r-oldrel-windows-ix86+x86_64 0.1.0-1 39.00 62.00 101.00 OK
r-oldrel-osx-x86_64 0.1.0-1 OK

Check Details

Version: 0.1.0-1
Check: line endings in C/C++/Fortran sources/headers
Result: NOTE
    Found the following sources/headers not terminated with a newline:
     inst/include/ramcmc.h
    Some compilers warn on such files.
Flavors: r-devel-linux-x86_64-debian-clang, r-devel-linux-x86_64-debian-gcc, r-devel-linux-x86_64-fedora-clang, r-devel-linux-x86_64-fedora-gcc, r-devel-windows-ix86+x86_64, r-devel-windows-ix86+x86_64-gcc8, r-patched-linux-x86_64, r-patched-solaris-x86, r-release-linux-x86_64, r-release-windows-ix86+x86_64, r-release-osx-x86_64