CRAN Package Check Results for Package rapbase

Last updated on 2020-02-27 07:49:49 CET.

Flavor Version Tinstall Tcheck Ttotal Status Flags
r-devel-linux-x86_64-debian-clang 1.10.0 3.30 125.40 128.70 OK
r-devel-linux-x86_64-debian-gcc 1.10.0 2.70 88.06 90.76 OK
r-devel-linux-x86_64-fedora-clang 1.10.0 164.44 NOTE
r-devel-linux-x86_64-fedora-gcc 1.10.0 140.31 NOTE
r-devel-windows-ix86+x86_64 1.10.0 11.00 46.00 57.00 OK
r-devel-windows-ix86+x86_64-gcc8 1.10.0 13.00 46.00 59.00 OK
r-patched-linux-x86_64 1.10.0 2.73 100.51 103.24 OK
r-patched-solaris-x86 1.10.0 54.20 NOTE
r-release-linux-x86_64 1.10.0 2.95 104.62 107.57 OK
r-release-windows-ix86+x86_64 1.10.0 6.00 42.00 48.00 OK
r-release-osx-x86_64 1.10.0 NOTE
r-oldrel-windows-ix86+x86_64 1.10.0 4.00 48.00 52.00 OK
r-oldrel-osx-x86_64 1.10.0 NOTE

Check Details

Version: 1.10.0
Check: dependencies in R code
Result: NOTE
    Namespace in Imports field not imported from: ‘RJDBC’
     All declared Imports should be used.
Flavors: r-devel-linux-x86_64-fedora-clang, r-devel-linux-x86_64-fedora-gcc, r-patched-solaris-x86, r-release-osx-x86_64, r-oldrel-osx-x86_64